000
CXUS56 KMFR 251000
CF6LMT
PRELIMINARY LOCAL CLIMATOLOGICAL DATA (WS FORM: F-6)

                                          STATION:   KLAMATH FALLS OR
                                          MONTH:     MAY
                                          YEAR:      2018
                                          LATITUDE:   42  9 N
                                          LONGITUDE: 121 44 W

  TEMPERATURE IN F:       :PCPN:    SNOW:  WIND      :SUNSHINE: SKY     :PK WND
================================================================================
1   2   3   4   5  6A  6B    7    8   9   10  11  12  13   14  15   16   17  18
                                     12Z  AVG MX 2MIN
DY MAX MIN AVG DEP HDD CDD  WTR  SNW DPTH SPD SPD DIR MIN PSBL S-S WX    SPD DR
================================================================================

 1  60  28  44  -3  21   0 0.00    M    M  8.1 22 330   M    M   4        26 320
 2  66  30  48   0  17   0 0.00    M    M  3.4 13  70   M    M   0        14 300
 3  74  33  54   6  11   0 0.00    M    M  4.1 15 340   M    M   0        19 330
 4  75  37  56   8   9   0 0.00    M    M  4.3 15 320   M    M   1        18 330
 5  73  40  57   9   8   0 0.00    M    M  5.6 24 180   M    M   1        30 170
 6  72  44  58   9   7   0 0.00    M    M  4.8 17 340   M    M   1        22 320
 7  76  37  57   8   8   0 0.00    M    M  2.6 10 320   M    M   0        14 170
 8  78  39  59  10   6   0 0.05    M    M  6.1 33 290   M    M   1 138    40 280
 9  69  42  56   6   9   0 0.00    M    M  6.8 18 320   M    M   2        23 290
10  63  34  49  -1  16   0 0.00    M    M  8.3 25 330   M    M   0        31 320
11  64  32  48  -2  17   0 0.00    M    M 12.0 23 350   M    M   4        32  10
12  71  45  58   8   7   0 0.00    M    M 11.7 21 330   M    M   6        27  20
13  75  37  56   6   9   0 0.00    M    M  6.1 17 330   M    M   2        21 330
14  75  40  58   7   7   0 0.00    M    M  4.1 13 150   M    M   0        18 160
15  78  38  58   7   7   0 0.01    M    M  6.2 22 230   M    M   4 3      29 220
16  62  45  54   3  11   0 0.13    M    M  6.6 18 330   M    M   9 13     23 320
17  73  47  60   9   5   0    T    M    0  7.3 24 340   M    M   7        30 310
18  72  34  53   1  12   0 0.00  0.0    0  5.9 21 290   M    M   2 12     25 280
19  73  37  55   3  10   0 0.01    M    M  5.5 22 310   M    M   3 38     29 230
20  69  41  55   3  10   0 0.06    M    M  6.2 22 320   M    M   6 13     27 330
21  74  35  55   3  10   0 0.00  0.0    0  7.5 20  90   M    M   3 1      65 150
22  79  42  61   9   4   0 0.00    M    M  4.3 16 340   M    M   3        21 280
23  72  49  61   9   4   0 0.18    M    M  5.4 24 300   M    M   8 13     30 320
24  76  45  61   8   4   0 0.10    M    M  6.0 20  80   M    M   4 123    24  90
================================================================================
SM 1719  931       229   0  0.54     0.0 148.9          M       71
================================================================================
AV 71.6 38.8                               6.2 FASTST   M    M   3    MAX(MPH)
                                 MISC ---->  # 33 290               # 65  150
================================================================================
NOTES:
# LAST OF SEVERAL OCCURRENCES

COLUMN 17 PEAK WIND IN M.P.H.

PRELIMINARY LOCAL CLIMATOLOGICAL DATA (WS FORM: F-6) , PAGE 2

                                          STATION:  KLAMATH FALLS OR
                                          MONTH:    MAY
                                          YEAR:     2018
                                          LATITUDE:   42  9 N
                                          LONGITUDE: 121 44 W

[TEMPERATURE DATA]      [PRECIPITATION DATA]       SYMBOLS USED IN COLUMN 16

AVERAGE MONTHLY: 55.2   TOTAL FOR MONTH:   0.54    1 = FOG OR MIST
DPTR FM NORMAL:   5.0   DPTR FM NORMAL:   -0.72    2 = FOG REDUCING VISIBILITY
HIGHEST:    79 ON 22    GRTST 24HR  0.18 ON 23-23      TO 1/4 MILE OR LESS
LOWEST:     28 ON  1                               3 = THUNDER
                        SNOW, ICE PELLETS, HAIL    4 = ICE PELLETS
                        TOTAL MONTH:   0.0 INCH    5 = HAIL
                        GRTST 24HR     0.0         6 = FREEZING RAIN OR DRIZZLE
                        GRTST DEPTH:   0           7 = DUSTSTORM OR SANDSTORM:
                                                       VSBY 1/2 MILE OR LESS
                                                   8 = SMOKE OR HAZE
[NO. OF DAYS WITH]      [WEATHER - DAYS WITH]      9 = BLOWING SNOW
                                                   X = TORNADO
MAX 32 OR BELOW:   0    0.01 INCH OR MORE:   7
MAX 90 OR ABOVE:   0    0.10 INCH OR MORE:   3
MIN 32 OR BELOW:   3    0.50 INCH OR MORE:   0
MIN  0 OR BELOW:   0    1.00 INCH OR MORE:   0

[HDD (BASE 65) ]
TOTAL THIS MO.   229    CLEAR  (SCALE 0-3)  14
DPTR FM NORMAL  -128    PTCLDY (SCALE 4-7)   9
TOTAL FM JUL 1  6121    CLOUDY (SCALE 8-10)  1
DPTR FM NORMAL  -555

[CDD (BASE 65) ]
TOTAL THIS MO.     0
DPTR FM NORMAL     0    [PRESSURE DATA]
TOTAL FM JAN 1     1    HIGHEST SLP  0.00 ON M
DPTR FM NORMAL     1    LOWEST  SLP  0.00 ON 22

[REMARKS]
