000
CXUS55 KJKL 231000
CF6LOZ
PRELIMINARY LOCAL CLIMATOLOGICAL DATA (WS FORM: F-6)

                                          STATION:   LONDON KY
                                          MONTH:     APRIL
                                          YEAR:      2018
                                          LATITUDE:   37  4 N
                                          LONGITUDE:  84  5 W

  TEMPERATURE IN F:       :PCPN:    SNOW:  WIND      :SUNSHINE: SKY     :PK WND
================================================================================
1   2   3   4   5  6A  6B    7    8   9   10  11  12  13   14  15   16   17  18
                                     12Z  AVG MX 2MIN
DY MAX MIN AVG DEP HDD CDD  WTR  SNW DPTH SPD SPD DIR MIN PSBL S-S WX    SPD DR
================================================================================

 1  63  46  55   3  10   0 0.18    M    M  3.8 16 340   M    M  10 1      25 310
 2  50  40  45  -7  20   0 0.23    M    M  5.3 13 360   M    M  10 1      20 340
 3  75  46  61   8   4   0 0.51    M    M 11.0 32 260   M    M   5 13     51 260
 4  62  33  48  -5  17   0 0.51    M    M 11.7 26 280   M    M   4 13     36 280
 5  56  27  42 -11  23   0 0.00    M    M  1.8  8 200   M    M   0        12 160
 6  63  35  49  -5  16   0 0.11    M    M  7.0 22 220   M    M   4 1      33 230
 7  41  28  35 -19  30   0    T    M    M  8.6 16  20   M    M   9 18     25 360
 8  47  23  35 -19  30   0 0.00    M    M  2.5  9  40   M    M   2 1      13  80
 9  56  33  45 -10  20   0 0.07    M    M  4.7 14 270   M    M   7 1      20 280
10  56  34  45 -10  20   0 0.00    M    M  4.1 14 300   M    M   7        21 320
11  65  31  48  -7  17   0 0.00    M    M  2.5 15 270   M    M   0 1      20 260
12  79  44  62   6   3   0 0.00    M    M  9.4 22 200   M    M   0        37 200
13  81  53  67  11   0   2 0.00    M    M  8.8 22 210   M    M   0        33 200
14  76  59  68  12   0   3 0.69    M    M  7.9 24 200   M    M   5 1      40 180
15  63  41  52  -4  13   0 1.32    M    M  9.0 23 260   M    M  10 1      32 250
16  41  30  36 -21  29   0 0.01    M    M 12.1 24 260   M    M  10 1      34 270
17  65  29  47 -10  18   0 0.00    M    M  9.1 26 250   M    M   2 8      38 240
18  80  40  60   3   5   0 0.06    M    M  9.1 25 250   M    M   1 1      37 250
19  56  34  45 -13  20   0 0.06    M    M  8.7 18 320   M    M   8 1      30 320
20  63  29  46 -12  19   0 0.00    M    M  4.9 13  10   M    M   0 1      21  60
21  72  36  54  -4  11   0 0.00    M    M  3.9  9  80   M    M   0        15  70
22  71  46  59   0   6   0    T    M    M  4.3 16 120   M    M   1        24 140
================================================================================
SM 1381  817       331   5  3.75    M    150.2          M       95
================================================================================
AV 62.8 37.1                               6.8 FASTST   M    M   4    MAX(MPH)
                                 MISC ---->  # 32 260               # 51  260
================================================================================
NOTES:
# LAST OF SEVERAL OCCURRENCES

COLUMN 17 PEAK WIND IN M.P.H.

PRELIMINARY LOCAL CLIMATOLOGICAL DATA (WS FORM: F-6) , PAGE 2

                                          STATION:  LONDON KY
                                          MONTH:    APRIL
                                          YEAR:     2018
                                          LATITUDE:   37  4 N
                                          LONGITUDE:  84  5 W

[TEMPERATURE DATA]      [PRECIPITATION DATA]       SYMBOLS USED IN COLUMN 16

AVERAGE MONTHLY: 50.0   TOTAL FOR MONTH:   3.75    1 = FOG OR MIST
DPTR FM NORMAL:  -5.4   DPTR FM NORMAL:    0.85    2 = FOG REDUCING VISIBILITY
HIGHEST:    81 ON 13    GRTST 24HR  1.32 ON 15-15      TO 1/4 MILE OR LESS
LOWEST:     23 ON  8                               3 = THUNDER
                        SNOW, ICE PELLETS, HAIL    4 = ICE PELLETS
                        TOTAL MONTH:    M          5 = HAIL
                        GRTST 24HR    M  ON   M    6 = FREEZING RAIN OR DRIZZLE
                        GRTST DEPTH:  M  ON   M    7 = DUSTSTORM OR SANDSTORM:
                                                       VSBY 1/2 MILE OR LESS
                                                   8 = SMOKE OR HAZE
[NO. OF DAYS WITH]      [WEATHER - DAYS WITH]      9 = BLOWING SNOW
                                                   X = TORNADO
MAX 32 OR BELOW:   0    0.01 INCH OR MORE:  11
MAX 90 OR ABOVE:   0    0.10 INCH OR MORE:   7
MIN 32 OR BELOW:   7    0.50 INCH OR MORE:   4
MIN  0 OR BELOW:   0    1.00 INCH OR MORE:   1

[HDD (BASE 65) ]
TOTAL THIS MO.   331    CLEAR  (SCALE 0-3)  10
DPTR FM NORMAL   106    PTCLDY (SCALE 4-7)   7
TOTAL FM JUL 1  4035    CLOUDY (SCALE 8-10)  5
DPTR FM NORMAL   -15

[CDD (BASE 65) ]
TOTAL THIS MO.     5
DPTR FM NORMAL    -9    [PRESSURE DATA]
TOTAL FM JAN 1    13    HIGHEST SLP M ON M
DPTR FM NORMAL    -4    LOWEST  SLP 29.59 ON  3

[REMARKS]
