000
CXUS53 KTOP 260800
CF6LWC
PRELIMINARY LOCAL CLIMATOLOGICAL DATA (WS FORM: F-6)

                                          STATION:   Lawrence KS
                                          MONTH:     APRIL
                                          YEAR:      2018
                                          LATITUDE:   39  0 N
                                          LONGITUDE:  95 13 W

  TEMPERATURE IN F:       :PCPN:    SNOW:  WIND      :SUNSHINE: SKY     :PK WND
================================================================================
1   2   3   4   5  6A  6B    7    8   9   10  11  12  13   14  15   16   17  18
                                     12Z  AVG MX 2MIN
DY MAX MIN AVG DEP HDD CDD  WTR  SNW DPTH SPD SPD DIR MIN PSBL S-S WX    SPD DR
================================================================================

 1  36  26  31 -19  34   0 0.07    M    M  9.2 17  20   M    M   8 168    24  20
 2  38  25  32 -19  33   0 0.00    M    M  8.0 15 150   M    M  10 1      19 130
 3  44  24  34 -17  31   0 0.06    M    M 16.2 33 320   M    M   8 1      43 330
 4  47  17  32 -19  33   0 0.00    M    M  9.6 20 330   M    M   0        26 350
 5  70  34  52   0  13   0 0.00    M    M  8.1 17 230   M    M   0        23 220
 6  50  23  37 -15  28   0    T    M    M 14.0 26 360   M    M   5 8      41 340
 7  46  16  31 -21  34   0 0.00    M    M  6.3 16  20   M    M   1        25 360
 8  38  26  32 -21  33   0 0.06    M    M 11.1 25 170   M    M   6 18     32 170
 9  49  26  38 -15  27   0 0.00    M    M  8.6 18 350   M    M   7 1      24 350
10  65  23  44  -9  21   0    T    M    M  7.1 23 210   M    M   4 18     28 210
11  83  40  62   8   3   0 0.00    M    M 11.9 28 200   M    M   0        37 190
12  84  48  66  12   0   1 0.00    M    M 13.8 26 170   M    M   0        40 160
13  84  47  66  12   0   1 0.18    M    M 18.2 37 200   M    M   3 13     50 210
14  50  31  41 -13  24   0 0.04    M    M 16.0 29 310   M    M   9 18     39 310
15  34  28  31 -24  34   0    T    M    M 19.3 29 320   M    M  10 1      38 330
16  55  31  43 -12  22   0 0.00    M    M  9.4 23 310   M    M   5        35 320
17  70  34  52  -3  13   0 0.00    M    M 12.5 21 120   M    M   0        30  90
18  56  30  43 -13  22   0 0.00    M    M 17.3 30 300   M    M   6        40 310
19  61  30  46 -10  19   0 0.00    M    M  7.2 16 350   M    M   2        22  30
20  65  29  47  -9  18   0 0.00    M    M  9.4 21 110   M    M   0        29 130
21  61  47  54  -3  11   0 0.04    M    M  7.7 16 300   M    M   7        19  30
22  68  48  58   1   7   0 0.06    M    M 10.9 18  60   M    M   9 1      26  50
23  78  44  61   4   4   0 0.00    M    M  7.2 16  50   M    M   4        24  10
24  80  37  59   1   6   0 0.00    M    M 10.0 31 340   M    M   3        42 350
25  57  39  48 -10  17   0 0.52    M    M  6.4 15 360   M    M  10 12     21 360
================================================================================
SM 1469  803       487   2  1.03    M    275.4          M      117
================================================================================
AV 58.8 32.1                              11.0 FASTST   M    M   5    MAX(MPH)
                                 MISC ---->  # 37 200               # 50  210
================================================================================
NOTES:
# LAST OF SEVERAL OCCURRENCES

COLUMN 17 PEAK WIND IN M.P.H.

PRELIMINARY LOCAL CLIMATOLOGICAL DATA (WS FORM: F-6) , PAGE 2

                                          STATION:  Lawrence KS
                                          MONTH:    APRIL
                                          YEAR:     2018
                                          LATITUDE:   39  0 N
                                          LONGITUDE:  95 13 W

[TEMPERATURE DATA]      [PRECIPITATION DATA]       SYMBOLS USED IN COLUMN 16

AVERAGE MONTHLY: 45.4   TOTAL FOR MONTH:   1.03    1 = FOG OR MIST
DPTR FM NORMAL:  -8.7   DPTR FM NORMAL:   -1.94    2 = FOG REDUCING VISIBILITY
HIGHEST:    84 ON 13,12 GRTST 24HR  0.52 ON 25-25      TO 1/4 MILE OR LESS
LOWEST:     16 ON  7                               3 = THUNDER
                        SNOW, ICE PELLETS, HAIL    4 = ICE PELLETS
                        TOTAL MONTH:    M          5 = HAIL
                        GRTST 24HR    M  ON   M    6 = FREEZING RAIN OR DRIZZLE
                        GRTST DEPTH:  M  ON   M    7 = DUSTSTORM OR SANDSTORM:
                                                       VSBY 1/2 MILE OR LESS
                                                   8 = SMOKE OR HAZE
[NO. OF DAYS WITH]      [WEATHER - DAYS WITH]      9 = BLOWING SNOW
                                                   X = TORNADO
MAX 32 OR BELOW:   0    0.01 INCH OR MORE:   8
MAX 90 OR ABOVE:   0    0.10 INCH OR MORE:   2
MIN 32 OR BELOW:  15    0.50 INCH OR MORE:   1
MIN  0 OR BELOW:   0    1.00 INCH OR MORE:   0

[HDD (BASE 65) ]
TOTAL THIS MO.   487    CLEAR  (SCALE 0-3)  10
DPTR FM NORMAL   199    PTCLDY (SCALE 4-7)  10
TOTAL FM JUL 1  5052    CLOUDY (SCALE 8-10)  5
DPTR FM NORMAL   108

[CDD (BASE 65) ]
TOTAL THIS MO.     2
DPTR FM NORMAL   -16    [PRESSURE DATA]
TOTAL FM JAN 1     2    HIGHEST SLP M ON M
DPTR FM NORMAL   -19    LOWEST  SLP 29.26 ON 13

[REMARKS]
