000
CXUS55 KEAX 280736
CF6MCI
PRELIMINARY LOCAL CLIMATOLOGICAL DATA (WS FORM: F-6)

                                          STATION:   Kansas City International MO
                                          MONTH:     MAY
                                          YEAR:      2018
                                          LATITUDE:   39 19 N
                                          LONGITUDE:  94 43 W

  TEMPERATURE IN F:       :PCPN:    SNOW:  WIND      :SUNSHINE: SKY     :PK WND
================================================================================
1   2   3   4   5  6A  6B    7    8   9   10  11  12  13   14  15   16   17  18
                                     12Z  AVG MX 2MIN
DY MAX MIN AVG DEP HDD CDD  WTR  SNW DPTH SPD SPD DIR MIN PSBL S-S WX    SPD DR
================================================================================

 1  78  63  71  11   0   6 0.06  0.0    0 18.0 29 200   M    M   9 38     41 190
 2  81  62  72  12   0   7 2.23  0.0    0 13.3 25 190   M    M  10 13     33 220
 3  80  57  69   8   0   4 0.05  0.0    0 14.7 28 190   M    M   9 13     38 190
 4  78  55  67   6   0   2 0.00  0.0    0  7.5 18 320   M    M   4 1      26 320
 5  84  54  69   8   0   4    T  0.0    0  6.0 25 340   M    M   3        38 330
 6  85  55  70   8   0   5 0.00  0.0    0  7.5 14 350   M    M   5        19 350
 7  83  58  71   9   0   6 0.00  0.0    0  8.1 13 130   M    M   1        20  90
 8  86  64  75  13   0  10 0.01  0.0    0 16.1 22 160   M    M   8 3      36 150
 9  85  62  74  12   0   9 0.00  0.0    0  9.0 18 320   M    M   3 8      29 300
10  87  59  73  10   0   8 0.00  0.0    0  6.3 15 160   M    M   5 8      19 160
11  84  64  74  11   0   9 0.07  0.0    0 13.6 25 190   M    M   8 38     32 180
12  84  69  77  14   0  12    T  0.0    0 12.8 22 180   M    M   5 3      30 190
13  90  69  80  16   0  15 0.00  0.0    0 12.4 21 150   M    M   7        28 170
14  86  65  76  12   0  11 0.02  0.0    0  7.1 21 210   M    M   8 38     29 200
15  79  65  72   8   0   7    T  0.0    0  7.3 17 240   M    M   8 18     25 240
16  81  59  70   6   0   5 1.73  0.0    0  6.2 29 310   M    M   5 1238   45 310
17  83  60  72   7   0   7 0.00  0.0    0  7.0 18 100   M    M   5 138    24 100
18  85  58  72   7   0   7 0.00  0.0    0  7.6 18  90   M    M   2 18     25 120
19  81  64  73   8   0   8 0.06  0.0    0  5.6 13 140   M    M   7 13     23 140
20  71  61  66   0   0   1 0.28  0.0    0  6.3 25 200   M    M   8 13     34 210
21  72  59  66   0   0   1 0.00  0.0    0  6.1 10 290   M    M   8 1      15 170
22  85  56  71   5   0   6 0.00  0.0    0  7.1 15 150   M    M   5 1      22 130
23  88  66  77  10   0  12 0.00  0.0    0  9.2 17 160   M    M   4        23 170
24  85  64  75   8   0  10 0.11  0.0    0  9.5 17 240   M    M   7 3      25 190
25  85  66  76   9   0  11 0.45  0.0    0  8.9 17 160   M    M   6 13     24 150
26  93  68  81  13   0  16 0.00  0.0    0  8.3 15 230   M    M   3        22 210
27  93  69  81  13   0  16 0.00  0.0    0  6.4 13 190   M    M   4        17 190
================================================================================
SM 2252 1671         0 215  5.07     0.0 247.9          M      157
================================================================================
AV 83.4 61.9                               9.2 FASTST   M    M   6    MAX(MPH)
                                 MISC ---->  # 29 200               # 45  310
================================================================================
NOTES:
# LAST OF SEVERAL OCCURRENCES

COLUMN 17 PEAK WIND IN M.P.H.

PRELIMINARY LOCAL CLIMATOLOGICAL DATA (WS FORM: F-6) , PAGE 2

                                          STATION:  Kansas City International MO
                                          MONTH:    MAY
                                          YEAR:     2018
                                          LATITUDE:   39 19 N
                                          LONGITUDE:  94 43 W

[TEMPERATURE DATA]      [PRECIPITATION DATA]       SYMBOLS USED IN COLUMN 16

AVERAGE MONTHLY: 72.7   TOTAL FOR MONTH:   5.07    1 = FOG OR MIST
DPTR FM NORMAL:   8.7   DPTR FM NORMAL:    0.51    2 = FOG REDUCING VISIBILITY
HIGHEST:    93 ON 27,26 GRTST 24HR  2.23 ON  2- 2      TO 1/4 MILE OR LESS
LOWEST:     54 ON  5                               3 = THUNDER
                        SNOW, ICE PELLETS, HAIL    4 = ICE PELLETS
                        TOTAL MONTH:   0.0 INCH    5 = HAIL
                        GRTST 24HR     0.0         6 = FREEZING RAIN OR DRIZZLE
                        GRTST DEPTH:   0           7 = DUSTSTORM OR SANDSTORM:
                                                       VSBY 1/2 MILE OR LESS
                                                   8 = SMOKE OR HAZE
[NO. OF DAYS WITH]      [WEATHER - DAYS WITH]      9 = BLOWING SNOW
                                                   X = TORNADO
MAX 32 OR BELOW:   0    0.01 INCH OR MORE:  11
MAX 90 OR ABOVE:   3    0.10 INCH OR MORE:   5
MIN 32 OR BELOW:   0    0.50 INCH OR MORE:   2
MIN  0 OR BELOW:   0    1.00 INCH OR MORE:   2

[HDD (BASE 65) ]
TOTAL THIS MO.     0    CLEAR  (SCALE 0-3)   4
DPTR FM NORMAL   -99    PTCLDY (SCALE 4-7)  19
TOTAL FM JUL 1  5114    CLOUDY (SCALE 8-10)  4
DPTR FM NORMAL    -5

[CDD (BASE 65) ]
TOTAL THIS MO.   215
DPTR FM NORMAL   148    [PRESSURE DATA]
TOTAL FM JAN 1   226    HIGHEST SLP  0.00 ON M
DPTR FM NORMAL   131    LOWEST  SLP  0.00 ON M

[REMARKS]
