000
CXUS53 KAPX 260631
CF6PLN
PRELIMINARY LOCAL CLIMATOLOGICAL DATA (WS FORM: F-6)

                                          STATION:   PELLSTON
                                          MONTH:     MAY
                                          YEAR:      2018
                                          LATITUDE:   45 34 N
                                          LONGITUDE:  84 48 W

  TEMPERATURE IN F:       :PCPN:    SNOW:  WIND      :SUNSHINE: SKY     :PK WND
================================================================================
1   2   3   4   5  6A  6B    7    8   9   10  11  12  13   14  15   16   17  18
                                     12Z  AVG MX 2MIN
DY MAX MIN AVG DEP HDD CDD  WTR  SNW DPTH SPD SPD DIR MIN PSBL S-S WX    SPD DR
================================================================================

 1  83  61  72  26   0   7    T    M    M 13.7 28 230   M    M   3        41 220
 2  70  44  57  10   8   0 0.71    M    M  6.9 25 320   M    M   9 13     33 320
 3  64  37  51   4  14   0 0.00    M    M  3.3 12 360   M    M   4        14  10
 4  56  39  48   0  17   0 2.00    M    M  9.5 22  10   M    M   7 1      28  10
 5  69  37  53   5  12   0 0.00    M    M  7.0 18 300   M    M   1 1      26 330
 6  63  38  51   3  14   0 0.00    M    M  5.5 15 310   M    M   4        20  20
 7  69  29  49   1  16   0 0.00    M    M  2.6 10 230   M    M   0 1      16 210
 8  82  38  60  11   5   0 0.00    M    M  4.4 13 350   M    M   0         M  M
 9  78  48  63  14   2   0 0.35    M    M  5.7 14 180   M    M   5 1      24 190
10  53  33  43  -7  22   0 0.01    M    M 15.1 28 310   M    M   4 1      34 320
11  54  24  39 -11  26   0 0.00    M    M  4.9 15  70   M    M   0        19 140
12  63  25  44  -6  21   0 0.00    M    M  4.1 14 100   M    M   0        19  90
13  70  29  50   0  15   0 0.00    M    M  4.5 15 270   M    M   0        20 280
14  77  41  59   8   6   0    T    M    M  6.1 15 290   M    M   1        19 290
15  69  37  53   2  12   0 0.01    M    M  6.9 18 320   M    M   3        25 300
16  78  33  56   4   9   0 0.00    M    M  7.2 20 250   M    M   0        28 260
17  62  40  51  -1  14   0    T    M    M  9.5 16  90   M    M   1 8      22  70
18  67  40  54   2  11   0 0.00    M    M 11.5 22 140   M    M   0        29 140
19  55  45  50  -2  15   0 0.41    M    M  6.5 15 300   M    M   8 1      19 300
20  66  37  52  -1  13   0 0.00    M    M  5.1 13 350   M    M   2        17  20
21  74  32  53   0  12   0 0.00    M    M  4.1 13 130   M    M   0        17 130
22  74  48  61   8   4   0 0.00    M    M  5.0 16 310   M    M   2        20 310
23  82  37  60   6   5   0 0.00    M    M  4.4 16 320   M    M   0 1      18 290
24  80  44  62   8   3   0 0.00    M    M  5.9 18 280   M    M   0 1      27 280
25  85  56  71  17   0   6 0.14    M    M  7.1 28 300   M    M   1 13     36 310
================================================================================
SM 1743  972       276  13  3.63    M    166.5          M       55
================================================================================
AV 69.7 38.9                               6.7 FASTST   M    M   2    MAX(MPH)
                                 MISC ---->  # 28 230               # 41  220
================================================================================
NOTES:
# LAST OF SEVERAL OCCURRENCES

COLUMN 17 PEAK WIND IN M.P.H.

PRELIMINARY LOCAL CLIMATOLOGICAL DATA (WS FORM: F-6) , PAGE 2

                                          STATION:  PELLSTON
                                          MONTH:    MAY
                                          YEAR:     2018
                                          LATITUDE:   45 34 N
                                          LONGITUDE:  84 48 W

[TEMPERATURE DATA]      [PRECIPITATION DATA]       SYMBOLS USED IN COLUMN 16

AVERAGE MONTHLY: 54.3   TOTAL FOR MONTH:   3.63    1 = FOG OR MIST
DPTR FM NORMAL:   3.9   DPTR FM NORMAL:    1.54    2 = FOG REDUCING VISIBILITY
HIGHEST:    85 ON 25    GRTST 24HR  2.00 ON  4- 4      TO 1/4 MILE OR LESS
LOWEST:     24 ON 11                               3 = THUNDER
                        SNOW, ICE PELLETS, HAIL    4 = ICE PELLETS
                        TOTAL MONTH:    M          5 = HAIL
                        GRTST 24HR    M  ON   M    6 = FREEZING RAIN OR DRIZZLE
                        GRTST DEPTH:  M  ON   M    7 = DUSTSTORM OR SANDSTORM:
                                                       VSBY 1/2 MILE OR LESS
                                                   8 = SMOKE OR HAZE
[NO. OF DAYS WITH]      [WEATHER - DAYS WITH]      9 = BLOWING SNOW
                                                   X = TORNADO
MAX 32 OR BELOW:   0    0.01 INCH OR MORE:   7
MAX 90 OR ABOVE:   0    0.10 INCH OR MORE:   5
MIN 32 OR BELOW:   5    0.50 INCH OR MORE:   2
MIN  0 OR BELOW:   0    1.00 INCH OR MORE:   1

[HDD (BASE 65) ]
TOTAL THIS MO.   276    CLEAR  (SCALE 0-3)  17
DPTR FM NORMAL   -93    PTCLDY (SCALE 4-7)   7
TOTAL FM JUL 1  8316    CLOUDY (SCALE 8-10)  1
DPTR FM NORMAL  -112

[CDD (BASE 65) ]
TOTAL THIS MO.    13
DPTR FM NORMAL    13    [PRESSURE DATA]
TOTAL FM JAN 1    13    HIGHEST SLP M ON M
DPTR FM NORMAL    11    LOWEST  SLP 29.49 ON  4

[REMARKS]
