000
CXUS55 KPUB 261059
CF6PUB
PRELIMINARY LOCAL CLIMATOLOGICAL DATA (WS FORM: F-6)

                                          STATION:   PUEBLO CO
                                          MONTH:     APRIL
                                          YEAR:      2018
                                          LATITUDE:   38 16 N
                                          LONGITUDE: 104 31 W

  TEMPERATURE IN F:       :PCPN:    SNOW:  WIND      :SUNSHINE: SKY     :PK WND
================================================================================
1   2   3   4   5  6A  6B    7    8   9   10  11  12  13   14  15   16   17  18
                                     12Z  AVG MX 2MIN
DY MAX MIN AVG DEP HDD CDD  WTR  SNW DPTH SPD SPD DIR MIN PSBL S-S WX    SPD DR
================================================================================

 1  48  27  38  -8  27   0 0.00  0.0    0  7.3 14 120   M    M   3        18 110
 2  83  21  52   5  13   0 0.00  0.0    0 10.0 26 310   M    M   0        34 260
 3  62  29  46  -1  19   0    T  0.0    0 10.8 37  20   M    M   4        44  20
 4  76  20  48   1  17   0 0.00  0.0    0  8.6 26 270   M    M   0        33 270
 5  74  29  52   5  13   0 0.00  0.0    0  9.1 29  10   M    M   1 8      37  10
 6  52  23  38 -10  27   0    T    T    0 11.6 29 100   M    M   5 18     35 110
 7  56  22  39  -9  26   0 0.07  0.0    0  7.2 16 240   M    M   7 18     19 140
 8  74  39  57   9   8   0 0.09  0.0    0 11.1 30 270   M    M   4 1      38 270
 9  60  37  49   1  16   0 0.13  0.0    0  7.1 20  60   M    M   5 13     26  90
10  74  28  51   2  14   0 0.00  0.0    0  6.5 18 140   M    M   0        24 130
11  88  36  62  13   3   0 0.00  0.0    0 10.8 33 300   M    M   0        43 310
12  83  41  62  13   3   0 0.00  0.0    0 13.5 39 240   M    M   2        49 240
13  54  36  45  -5  20   0 0.01    T    0 27.7 40  20   M    M   5 5      53  10
14  62  29  46  -4  19   0 0.00  0.0    0 14.8 30  10   M    M   3        43  30
15  67  24  46  -4  19   0 0.00  0.0    0  6.8 21 130   M    M   0        27 120
16  82  30  56   6   9   0 0.00  0.0    0  6.4 17 280   M    M   0        21 130
17  78  41  60   9   5   0 0.00  0.0    0 24.5 53 240   M    M   1 7      69 250
18  62  31  47  -4  18   0 0.00  0.0    0  8.0 18 120   M    M   0        25 120
19  74  28  51  -1  14   0 0.00  0.0    0 11.4 33 160   M    M   0        43 170
20  65  40  53   1  12   0    T  0.0    0 23.5 36  80   M    M   6        47 110
21  49  40  45  -7  20   0 0.07  0.0    0  8.3 22  10   M    M  10 1      26  10
22  67  34  51  -1  14   0 0.00  0.0    0  8.2 21 110   M    M   4 1      26 110
23  76  36  56   3   9   0 0.00  0.0    0  8.4 43  20   M    M   0        58  20
24  50  36  43 -10  22   0 0.12  0.0    0 16.6 43  20   M    M   9 18     56  10
25  67  33  50  -4  15   0 0.00  0.0    0  5.3 14 130   M    M   3 1      20 110
================================================================================
SM 1683  790       382   0  0.49    T    283.5          M       72
================================================================================
AV 67.3 31.6                              11.3 FASTST   M    M   3    MAX(MPH)
                                 MISC ---->  # 53 240               # 69  250
================================================================================
NOTES:
# LAST OF SEVERAL OCCURRENCES

COLUMN 17 PEAK WIND IN M.P.H.

PRELIMINARY LOCAL CLIMATOLOGICAL DATA (WS FORM: F-6) , PAGE 2

                                          STATION:  PUEBLO CO
                                          MONTH:    APRIL
                                          YEAR:     2018
                                          LATITUDE:   38 16 N
                                          LONGITUDE: 104 31 W

[TEMPERATURE DATA]      [PRECIPITATION DATA]       SYMBOLS USED IN COLUMN 16

AVERAGE MONTHLY: 49.5   TOTAL FOR MONTH:   0.49    1 = FOG OR MIST
DPTR FM NORMAL:  -0.3   DPTR FM NORMAL:   -0.64    2 = FOG REDUCING VISIBILITY
HIGHEST:    88 ON 11    GRTST 24HR  0.13 ON  9- 9      TO 1/4 MILE OR LESS
LOWEST:     20 ON  4                               3 = THUNDER
                        SNOW, ICE PELLETS, HAIL    4 = ICE PELLETS
                        TOTAL MONTH:    T          5 = HAIL
                        GRTST 24HR    T  ON 13-13  6 = FREEZING RAIN OR DRIZZLE
                        GRTST DEPTH:   0           7 = DUSTSTORM OR SANDSTORM:
                                                       VSBY 1/2 MILE OR LESS
                                                   8 = SMOKE OR HAZE
[NO. OF DAYS WITH]      [WEATHER - DAYS WITH]      9 = BLOWING SNOW
                                                   X = TORNADO
MAX 32 OR BELOW:   0    0.01 INCH OR MORE:   6
MAX 90 OR ABOVE:   0    0.10 INCH OR MORE:   2
MIN 32 OR BELOW:  13    0.50 INCH OR MORE:   0
MIN  0 OR BELOW:   0    1.00 INCH OR MORE:   0

[HDD (BASE 65) ]
TOTAL THIS MO.   382    CLEAR  (SCALE 0-3)  14
DPTR FM NORMAL    -1    PTCLDY (SCALE 4-7)   9
TOTAL FM JUL 1  4796    CLOUDY (SCALE 8-10)  2
DPTR FM NORMAL  -592

[CDD (BASE 65) ]
TOTAL THIS MO.     0
DPTR FM NORMAL     0    [PRESSURE DATA]
TOTAL FM JAN 1     0    HIGHEST SLP M ON M
DPTR FM NORMAL     0    LOWEST  SLP 29.33 ON 12

[REMARKS]
