000
CXUS51 KBOX 251200
CF6PVD
PRELIMINARY LOCAL CLIMATOLOGICAL DATA (WS FORM: F-6)

                                          STATION:   PROVIDENCE RI
                                          MONTH:     APRIL
                                          YEAR:      2018
                                          LATITUDE:   41 43 N
                                          LONGITUDE:  71 26 W

  TEMPERATURE IN F:       :PCPN:    SNOW:  WIND      :SUNSHINE: SKY     :PK WND
================================================================================
1   2   3   4   5  6A  6B    7    8   9   10  11  12  13   14  15   16   17  18
                                     12Z  AVG MX 2MIN
DY MAX MIN AVG DEP HDD CDD  WTR  SNW DPTH SPD SPD DIR MIN PSBL S-S WX    SPD DR
================================================================================

 1  63  37  50   6  15   0    T  0.0    0 13.7 23 300   M    M   7        32 170
 2  43  31  37  -7  28   0 0.20  2.6    0  5.6 14 360   M    M   9 1      18  10
 3  45  28  37  -8  28   0 0.38  0.0    0  6.9 18 160   M    M   7 1      22 180
 4  57  39  48   3  17   0 0.16  0.0    0 11.8 28 280   M    M   8 12     38 280
 5  44  27  36 -10  29   0 0.00  0.0    0 16.7 28 290   M    M   2        42 310
 6  48  24  36 -10  29   0 0.31  1.0    0  6.1 20 180   M    M   7 14     25 210
 7  49  36  43  -3  22   0    T  0.0    0  9.3 21 310   M    M   8        25 320
 8  46  32  39  -8  26   0 0.00  0.0    0 11.9 20 310   M    M   5        28 310
 9  49  28  39  -8  26   0 0.00  0.0    0  8.7 18 280   M    M   5        25 290
10  43  30  37 -10  28   0    T  0.0    0  3.9 12 210   M    M   9 1      15 160
11  50  27  39  -9  26   0 0.00  0.0    0  6.1 22 150   M    M   3 1      26 140
12  57  34  46  -2  19   0 0.02  0.0    0  8.2 24 220   M    M   8        33 230
13  65  44  55   7  10   0    T  0.0    0  7.8 24 230   M    M   6 1      35 240
14  62  41  52   3  13   0 0.00  0.0    0 11.6 23  60   M    M   5 1      31  40
15  41  34  38 -11  27   0 0.03    T    0 17.8 25  50   M    M  10 14     33  60
16  61  37  49   0  16   0 1.97  0.0    0 13.8 35 160   M    M   9 138    47 160
17  51  36  44  -6  21   0 0.02  0.0    0 12.7 21 250   M    M   7 1      27 270
18  54  33  44  -6  21   0    T    T    0 11.2 22 300   M    M   4 1      29 310
19  46  38  42  -8  23   0 0.44  0.0    0  7.7 18 310   M    M   9 1      25 320
20  55  34  45  -6  20   0 0.00  0.0    0 13.3 22 360   M    M   4        32 300
21  62  38  50  -1  15   0 0.00  0.0    0  8.7 20 300   M    M   1        28 290
22  63  36  50  -1  15   0 0.00  0.0    0  5.7 21 160   M    M   0        24 160
23  66  35  51  -1  14   0 0.00  0.0    0  6.6 22 170   M    M   1        25 180
24  62  35  49  -3  16   0 0.00  0.0    0  8.2 23 150   M    M   6        29 160
================================================================================
SM 1282  814       504   0  3.53     3.6 234.0          M      140
================================================================================
AV 53.4 33.9                               9.8 FASTST   M    M   6    MAX(MPH)
                                 MISC ---->  # 35 160               # 47  160
================================================================================
NOTES:
# LAST OF SEVERAL OCCURRENCES

COLUMN 17 PEAK WIND IN M.P.H.

PRELIMINARY LOCAL CLIMATOLOGICAL DATA (WS FORM: F-6) , PAGE 2

                                          STATION:  PROVIDENCE RI
                                          MONTH:    APRIL
                                          YEAR:     2018
                                          LATITUDE:   41 43 N
                                          LONGITUDE:  71 26 W

[TEMPERATURE DATA]      [PRECIPITATION DATA]       SYMBOLS USED IN COLUMN 16

AVERAGE MONTHLY: 43.7   TOTAL FOR MONTH:   3.53    1 = FOG OR MIST
DPTR FM NORMAL:  -4.4   DPTR FM NORMAL:   -0.06    2 = FOG REDUCING VISIBILITY
HIGHEST:    66 ON 23    GRTST 24HR  1.97 ON 16-16      TO 1/4 MILE OR LESS
LOWEST:     24 ON  6                               3 = THUNDER
                        SNOW, ICE PELLETS, HAIL    4 = ICE PELLETS
                        TOTAL MONTH:   3.6 INCHES  5 = HAIL
                        GRTST 24HR   2.6 ON  2- 2  6 = FREEZING RAIN OR DRIZZLE
                        GRTST DEPTH:   0           7 = DUSTSTORM OR SANDSTORM:
                                                       VSBY 1/2 MILE OR LESS
                                                   8 = SMOKE OR HAZE
[NO. OF DAYS WITH]      [WEATHER - DAYS WITH]      9 = BLOWING SNOW
                                                   X = TORNADO
MAX 32 OR BELOW:   0    0.01 INCH OR MORE:   9
MAX 90 OR ABOVE:   0    0.10 INCH OR MORE:   6
MIN 32 OR BELOW:   8    0.50 INCH OR MORE:   1
MIN  0 OR BELOW:   0    1.00 INCH OR MORE:   1

[HDD (BASE 65) ]
TOTAL THIS MO.   504    CLEAR  (SCALE 0-3)   5
DPTR FM NORMAL    98    PTCLDY (SCALE 4-7)  12
TOTAL FM JUL 1  4977    CLOUDY (SCALE 8-10)  7
DPTR FM NORMAL  -300

[CDD (BASE 65) ]
TOTAL THIS MO.     0
DPTR FM NORMAL     0    [PRESSURE DATA]
TOTAL FM JAN 1     0    HIGHEST SLP M ON M
DPTR FM NORMAL     0    LOWEST  SLP 29.29 ON  4

[REMARKS]
