000
CXUS56 KPDT 260532
CF6RDM
PRELIMINARY LOCAL CLIMATOLOGICAL DATA (WS FORM: F-6)

                                          STATION:   REDMOND OR
                                          MONTH:     MAY
                                          YEAR:      2018
                                          LATITUDE:   44 16 N
                                          LONGITUDE: 121  9 W

  TEMPERATURE IN F:       :PCPN:    SNOW:  WIND      :SUNSHINE: SKY     :PK WND
================================================================================
1   2   3   4   5  6A  6B    7    8   9   10  11  12  13   14  15   16   17  18
                                     12Z  AVG MX 2MIN
DY MAX MIN AVG DEP HDD CDD  WTR  SNW DPTH SPD SPD DIR MIN PSBL S-S WX    SPD DR
================================================================================

 1  58  28  43  -5  22   0 0.00  0.0    0  5.3 15 350   M    M   5        19  30
 2  71  28  50   2  15   0 0.00  0.0    0  4.7 15  10   M    M   0        20 330
 3  80  35  58  10   7   0 0.00  0.0    0  6.3 21 290   M    M   0        26 290
 4  78  42  60  12   5   0 0.00  0.0    0  6.4 18 360   M    M   0        24  10
 5  77  47  62  13   3   0    T  0.0    0  6.9 18 350   M    M   2        23 340
 6  74  41  58   9   7   0    T  0.0    0  6.3 26 290   M    M   1 3      32 290
 7  81  35  58   9   7   0 0.00  0.0    0  6.3 15 360   M    M   0 1      19  10
 8  84  43  64  15   1   0 0.07  0.0    0  5.7 35 290   M    M   2 38     46 290
 9  70  51  61  11   4   0 0.00  0.0    0  9.3 24 320   M    M   3 8      30 320
10  63  42  53   3  12   0 0.00  0.0    0 10.0 24 290   M    M   5        30 320
11  64  26  45  -5  20   0 0.00  0.0    0  8.1 18 350   M    M   6        24  10
12  74  44  59   9   6   0    T  0.0    0 11.6 30  20   M    M   3        38  30
13  82  33  58   7   7   0 0.00  0.0    0  7.5 21 360   M    M   0        27 340
14  85  39  62  11   3   0 0.00  0.0    0  4.8 18  30   M    M   1        22  30
15  87  49  68  17   0   3 0.26  0.0    0  6.8 21 290   M    M   6 13     26 300
16  66  54  60   8   5   0 0.21  0.0    0  6.8 21 290   M    M   9 13     25 300
17  78  46  62  10   3   0 0.00  0.0    0  8.2 23 280   M    M   2        28 290
18  75  36  56   4   9   0 0.00  0.0    0  6.6 20 330   M    M   1        25 340
19  74  51  63  11   2   0 0.00  0.0    0  7.4 17 340   M    M   4        23 340
20  73  53  63  10   2   0    T  0.0    0  7.0 17 340   M    M   6        22 340
21  78  39  59   6   6   0 0.00  0.0    0  6.3 17 340   M    M   2        22 330
22  85  45  65  12   0   0 0.00  0.0    0  6.8 18 340   M    M   0        23 350
23  83  48  66  13   0   1 0.12  0.0    0  5.9 23 270   M    M   3 3      28 270
24  83  51  67  13   0   2 0.25  0.0    0  3.4 26 260   M    M   5 3      31 250
================================================================================
SM 1823 1006       146   6  0.91     0.0 164.4          M       66
================================================================================
AV 76.0 41.9                               6.8 FASTST   M    M   3    MAX(MPH)
                                 MISC ---->  # 35 290               # 46  290
================================================================================
NOTES:
# LAST OF SEVERAL OCCURRENCES

COLUMN 17 PEAK WIND IN M.P.H.

PRELIMINARY LOCAL CLIMATOLOGICAL DATA (WS FORM: F-6) , PAGE 2

                                          STATION:  REDMOND OR
                                          MONTH:    MAY
                                          YEAR:     2018
                                          LATITUDE:   44 16 N
                                          LONGITUDE: 121  9 W

[TEMPERATURE DATA]      [PRECIPITATION DATA]       SYMBOLS USED IN COLUMN 16

AVERAGE MONTHLY: 58.9   TOTAL FOR MONTH:   0.91    1 = FOG OR MIST
DPTR FM NORMAL:   8.3   DPTR FM NORMAL:    0.15    2 = FOG REDUCING VISIBILITY
HIGHEST:    87 ON 15    GRTST 24HR  0.26 ON 15-15      TO 1/4 MILE OR LESS
LOWEST:     26 ON 11                               3 = THUNDER
                        SNOW, ICE PELLETS, HAIL    4 = ICE PELLETS
                        TOTAL MONTH:   0.0 INCH    5 = HAIL
                        GRTST 24HR     0.0         6 = FREEZING RAIN OR DRIZZLE
                        GRTST DEPTH:   0           7 = DUSTSTORM OR SANDSTORM:
                                                       VSBY 1/2 MILE OR LESS
                                                   8 = SMOKE OR HAZE
[NO. OF DAYS WITH]      [WEATHER - DAYS WITH]      9 = BLOWING SNOW
                                                   X = TORNADO
MAX 32 OR BELOW:   0    0.01 INCH OR MORE:   5
MAX 90 OR ABOVE:   0    0.10 INCH OR MORE:   4
MIN 32 OR BELOW:   3    0.50 INCH OR MORE:   0
MIN  0 OR BELOW:   0    1.00 INCH OR MORE:   0

[HDD (BASE 65) ]
TOTAL THIS MO.   146    CLEAR  (SCALE 0-3)  16
DPTR FM NORMAL  -204    PTCLDY (SCALE 4-7)   7
TOTAL FM JUL 1  5910    CLOUDY (SCALE 8-10)  1
DPTR FM NORMAL  -511

[CDD (BASE 65) ]
TOTAL THIS MO.     6
DPTR FM NORMAL     6    [PRESSURE DATA]
TOTAL FM JAN 1     6    HIGHEST SLP 30.13 ON  4
DPTR FM NORMAL     6    LOWEST  SLP 29.66 ON 23

[REMARKS]
