000
CXUS56 KSGX 191045
CF6SDM
PRELIMINARY LOCAL CLIMATOLOGICAL DATA (WS FORM: F-6)
STATION: SAN DIEGO/BROWN
MONTH: APRIL
YEAR: 2024
LATITUDE: 32 34 N
LONGITUDE: 116 59 W
TEMPERATURE IN F: :PCPN: SNOW: WIND :SUNSHINE: SKY :PK WND
================================================================================
1 2 3 4 5 6A 6B 7 8 9 10 11 12 13 14 15 16 17 18
12Z AVG MX 2MIN
DY MAX MIN AVG DEP HDD CDD WTR SNW DPTH SPD SPD DIR MIN PSBL S-S WX SPD DR
================================================================================
1 65 48 57 -1 8 0 0.00 M M 3.5 15 280 M M 5 8 22 290
2 72 45 59 0 6 0 0.00 M M 4.9 13 270 M M 0 18 18 270
3 77 46 62 3 3 0 0.00 M M 5.1 14 250 M M 2 18 19 250
4 65 50 58 -1 7 0 0.03 M M 5.8 16 240 M M 9 1 24 250
5 58 46 52 -7 13 0 0.14 M M 7.2 25 270 M M 7 3 38 270
6 62 45 54 -5 11 0 0.02 M M 4.1 16 260 M M 3 8 20 260
7 65 41 53 -6 12 0 0.00 M M 4.6 14 280 M M 1 18 19 280
8 63 43 53 -6 12 0 0.00 M M 5.9 14 270 M M 1 18 22 260
9 77 43 60 1 5 0 0.00 M M 5.6 13 280 M M 0 18 19 280
10 78 49 64 5 1 0 0.00 M M 5.4 13 270 M M 0 128 18 280
11 74 54 64 5 1 0 0.00 M M 3.4 13 270 M M 4 128 18 280
12 65 54 60 0 5 0 0.00 M M 7.1 16 230 M M 9 18 23 210
13 68 53 61 1 4 0 0.06 M M 8.0 20 250 M M 9 1 27 280
14 65 47 56 -4 9 0 0.02 M M 4.4 16 280 M M 5 1 24 280
15 67 48 58 -2 7 0 0.01 M M 5.2 16 280 M M 3 18 22 290
16 73 45 59 -1 6 0 0.00 M M 5.2 15 270 M M 0 18 21 260
17 74 48 61 1 4 0 0.00 M M 4.4 13 270 M M 1 128 18 270
18 76 52 64 4 1 0 0.00 M M 4.9 22 240 M M 5 128 29 250
================================================================================
SM 1244 857 115 0 0.28 M 94.7 M 64
================================================================================
AV 69.1 47.6 5.3 FASTST M M 4 MAX(MPH)
MISC ----> 25 270 38 270
================================================================================
NOTES:
# LAST OF SEVERAL OCCURRENCES
COLUMN 17 PEAK WIND IN M.P.H.
PRELIMINARY LOCAL CLIMATOLOGICAL DATA (WS FORM: F-6) , PAGE 2
STATION: SAN DIEGO/BROWN
MONTH: APRIL
YEAR: 2024
LATITUDE: 32 34 N
LONGITUDE: 116 59 W
[TEMPERATURE DATA] [PRECIPITATION DATA] SYMBOLS USED IN COLUMN 16
AVERAGE MONTHLY: 58.4 TOTAL FOR MONTH: 0.28 1 = FOG OR MIST
DPTR FM NORMAL: -1.0 DPTR FM NORMAL: -0.26 2 = FOG REDUCING VISIBILITY
HIGHEST: 78 ON 10 GRTST 24HR 0.16 ON 4- 5 TO 1/4 MILE OR LESS
LOWEST: 41 ON 7 3 = THUNDER
SNOW, ICE PELLETS, HAIL 4 = ICE PELLETS
TOTAL MONTH: M 5 = HAIL
GRTST 24HR M ON M 6 = FREEZING RAIN OR DRIZZLE
GRTST DEPTH: M ON M 7 = DUSTSTORM OR SANDSTORM:
VSBY 1/2 MILE OR LESS
8 = SMOKE OR HAZE
[NO. OF DAYS WITH] [WEATHER - DAYS WITH] 9 = BLOWING SNOW
X = TORNADO
MAX 32 OR BELOW: 0 0.01 INCH OR MORE: 6
MAX 90 OR ABOVE: 0 0.10 INCH OR MORE: 1
MIN 32 OR BELOW: 0 0.50 INCH OR MORE: 0
MIN 0 OR BELOW: 0 1.00 INCH OR MORE: 0
[HDD (BASE 65) ]
TOTAL THIS MO. 115 CLEAR (SCALE 0-3) 10
DPTR FM NORMAL 8 PTCLDY (SCALE 4-7) 5
TOTAL FM JUL 1 1291 CLOUDY (SCALE 8-10) 3
DPTR FM NORMAL -137
[CDD (BASE 65) ]
TOTAL THIS MO. 0
DPTR FM NORMAL 0 [PRESSURE DATA]
TOTAL FM JAN 1 0 HIGHEST SLP M ON M
DPTR FM NORMAL -14 LOWEST SLP 29.79 ON 1
[REMARKS]