000
CXUS55 KCYS 211000
CF6SNY
PRELIMINARY LOCAL CLIMATOLOGICAL DATA (WS FORM: F-6)

                                          STATION:   SIDNEY NEBRASKA AIRPORT
                                          MONTH:     MAY
                                          YEAR:      2018
                                          LATITUDE:   41  5 N
                                          LONGITUDE: 102 59 W

  TEMPERATURE IN F:       :PCPN:    SNOW:  WIND      :SUNSHINE: SKY     :PK WND
================================================================================
1   2   3   4   5  6A  6B    7    8   9   10  11  12  13   14  15   16   17  18
                                     12Z  AVG MX 2MIN
DY MAX MIN AVG DEP HDD CDD  WTR  SNW DPTH SPD SPD DIR MIN PSBL S-S WX    SPD DR
================================================================================

 1  66  36  51  -2  14   0 0.71    M    M 10.3 25  20   M    M   5 123    31  20
 2  60  34  47  -6  18   0 0.13    M    M  6.9 16 180   M    M   7 1      21  80
 3  57  40  49  -5  16   0 0.04    M    M 13.6 29  20   M    M   7 13     35  20
 4  73  40  57   3   8   0 0.00    M    M  9.5 15 300   M    M   0        18 310
 5  78  41  60   6   5   0 0.00    M    M  8.4 15 360   M    M   0        21 310
 6  78  43  61   6   4   0 0.04    M    M 10.6 26 110   M    M   0 3      34 140
 7  83  51  67  12   0   2 0.00    M    M 14.0 30 190   M    M   0        38 180
 8  79  48  64   9   1   0 0.00    M    M 15.5 22 350   0    0   0        36 310
 9  79  41  60   4   5   0 0.00    M    M  6.9 18  20   M    M   0        24 350
10  90  49  70  14   0   5    T    M    M 17.2 36 340   M    M   1 3      48 170
11  61  46  54  -2  11   0    T    M    M 11.3 22 350   M    M  10 12     26 350
12  54  45  50  -6  15   0    T    M    M 10.4 17  30   M    M  10 1      21  40
13  60  48  54  -3  11   0    T    M    M  6.9 17 240   M    M   9 12     20 240
14  67  41  54  -3  11   0 0.29    M    M 10.5 35 300   M    M   7 13     47 290
15  74  39  57   0   8   0 0.00    M    M  7.4 14 110   M    M   1        17 110
16  84  43  64   6   1   0    T    M    M  7.0 15 170   M    M   1        19 150
17  87  54  71  13   0   6 0.17    M    M 18.2 48 270   M    M   2 3      66 270
18  66  50  58   0   7   0 0.12    M    M 10.2 30  40   M    M   8 13     36  40
19  55  42  49  -9  16   0 1.53    M    M 18.1 30  30   M    M   9 1      38  30
20  62  39  51  -8  14   0 0.00    M    M  6.7 13 340   M    M   5        16 340
================================================================================
SM 1413  870       165  13  3.03    M    219.6            0     82
================================================================================
AV 70.7 43.5                              11.0 FASTST    0   0   4    MAX(MPH)
                                 MISC ---->  # 48 270               # 66  270
================================================================================
NOTES:
# LAST OF SEVERAL OCCURRENCES

COLUMN 17 PEAK WIND IN M.P.H.

PRELIMINARY LOCAL CLIMATOLOGICAL DATA (WS FORM: F-6) , PAGE 2

                                          STATION:  SIDNEY NEBRASKA AIRPORT
                                          MONTH:    MAY
                                          YEAR:     2018
                                          LATITUDE:   41  5 N
                                          LONGITUDE: 102 59 W

[TEMPERATURE DATA]      [PRECIPITATION DATA]       SYMBOLS USED IN COLUMN 16

AVERAGE MONTHLY: 57.1   TOTAL FOR MONTH:   3.03    1 = FOG OR MIST
DPTR FM NORMAL:   1.1   DPTR FM NORMAL:    1.11    2 = FOG REDUCING VISIBILITY
HIGHEST:    90 ON 10    GRTST 24HR  1.53 ON 19-19      TO 1/4 MILE OR LESS
LOWEST:     34 ON  2                               3 = THUNDER
                        SNOW, ICE PELLETS, HAIL    4 = ICE PELLETS
                        TOTAL MONTH:    M          5 = HAIL
                        GRTST 24HR    M  ON   M    6 = FREEZING RAIN OR DRIZZLE
                        GRTST DEPTH:  M  ON   M    7 = DUSTSTORM OR SANDSTORM:
                                                       VSBY 1/2 MILE OR LESS
                                                   8 = SMOKE OR HAZE
[NO. OF DAYS WITH]      [WEATHER - DAYS WITH]      9 = BLOWING SNOW
                                                   X = TORNADO
MAX 32 OR BELOW:   0    0.01 INCH OR MORE:   8
MAX 90 OR ABOVE:   1    0.10 INCH OR MORE:   6
MIN 32 OR BELOW:   0    0.50 INCH OR MORE:   2
MIN  0 OR BELOW:   0    1.00 INCH OR MORE:   1

[HDD (BASE 65) ]
TOTAL THIS MO.   165    CLEAR  (SCALE 0-3)  10
DPTR FM NORMAL   -25    PTCLDY (SCALE 4-7)   5
TOTAL FM JUL 1  6464    CLOUDY (SCALE 8-10)  5
DPTR FM NORMAL   362

[CDD (BASE 65) ]
TOTAL THIS MO.    13
DPTR FM NORMAL     2    [PRESSURE DATA]
TOTAL FM JAN 1    13    HIGHEST SLP  0.00 ON  8
DPTR FM NORMAL     1    LOWEST  SLP  0.00 ON  8

[REMARKS]
