000
CXUS56 KMTR 280900
CF6STS
PRELIMINARY LOCAL CLIMATOLOGICAL DATA (WS FORM: F-6)
STATION: SANTA ROSA AIRPORT
MONTH: MARCH
YEAR: 2024
LATITUDE: 38 30 N
LONGITUDE: 122 49 W
TEMPERATURE IN F: :PCPN: SNOW: WIND :SUNSHINE: SKY :PK WND
================================================================================
1 2 3 4 5 6A 6B 7 8 9 10 11 12 13 14 15 16 17 18
12Z AVG MX 2MIN
DY MAX MIN AVG DEP HDD CDD WTR SNW DPTH SPD SPD DIR MIN PSBL S-S WX SPD DR
================================================================================
1 56 46 51 -1 14 0 0.88 M M 10.4 24 200 M M 9 18 41 200
2 51 39 45 -7 20 0 0.25 M M 5.4 20 210 M M 8 1 28 330
3 53 36 45 -7 20 0 0.12 M M 4.6 17 280 M M 7 12 26 280
4 55 35 45 -7 20 0 0.11 M M 4.3 14 190 M M 8 12 21 210
5 58 50 54 2 11 0 0.17 M M 7.8 16 200 M M 10 1 22 180
6 63 45 54 2 11 0 0.01 M M 2.3 12 260 M M 7 12 17 260
7 65 39 52 -1 13 0 0.00 M M 5.6 14 330 M M 3 12 19 350
8 67 36 52 -1 13 0 0.00 M M 4.6 12 200 M M 0 17 190
9 61 42 52 -1 13 0 0.05 M M 3.2 14 250 M M 5 18 18 260
10 60 42 51 -2 14 0 0.35 M M 6.0 15 200 M M 9 1 23 200
11 59 39 49 -4 16 0 0.03 M M 4.3 13 270 M M 9 12 18 250
12 64 47 56 3 9 0 0.22 M M 5.4 16 310 M M 6 1 22 300
13 69 44 57 4 8 0 0.00 M M 7.9 15 360 M M 1 19 360
14 71 44 58 5 7 0 0.00 M M 12.8 25 20 M M 0 38 10
15 76 45 61 8 4 0 0.00 M M 10.9 32 30 M M 0 41 20
16 70 38 54 1 11 0 0.00 M M 4.4 15 200 M M 0 12 21 220
17 71 43 57 4 8 0 0.00 M M 3.6 14 140 M M 4 12 18 160
18 70 43 57 4 8 0 0.00 M M 4.3 12 170 M M 4 12 17 150
19 67 44 56 2 9 0 0.00 M M 3.5 14 140 M M 5 1 18 130
20 66 41 54 0 11 0 0.00 M M 4.4 13 250 M M 5 12 17 180
21 66 47 57 3 8 0 0.00 M M 3.2 13 190 M M 5 18 190
22 63 46 55 1 10 0 0.62 M M 5.8 22 180 M M 9 12 30 180
23 58 46 52 -2 13 0 0.26 M M 6.8 20 260 M M 8 12 28 260
24 64 42 53 -1 12 0 0.00 M M 9.0 21 330 M M 5 1 30 330
25 65 43 54 0 11 0 0.00 M M 4.6 14 260 M M 2 20 250
26 66 39 53 -1 12 0 0.00 M M 5.1 13 170 M M 1 1 19 160
27 56 42 49 -5 16 0 0.43 M M 6.2 18 190 M M 8 1 24 190
================================================================================
SM 1710 1143 322 0 3.50 M 156.4 M 138
================================================================================
AV 63.3 42.3 5.8 FASTST M M 5 MAX(MPH)
MISC ----> 32 30 # 41 200
================================================================================
NOTES:
# LAST OF SEVERAL OCCURRENCES
COLUMN 17 PEAK WIND IN M.P.H.
PRELIMINARY LOCAL CLIMATOLOGICAL DATA (WS FORM: F-6) , PAGE 2
STATION: SANTA ROSA AIRPORT
MONTH: MARCH
YEAR: 2024
LATITUDE: 38 30 N
LONGITUDE: 122 49 W
[TEMPERATURE DATA] [PRECIPITATION DATA] SYMBOLS USED IN COLUMN 16
AVERAGE MONTHLY: 52.8 TOTAL FOR MONTH: 3.50 1 = FOG OR MIST
DPTR FM NORMAL: -0.3 DPTR FM NORMAL: -0.58 2 = FOG REDUCING VISIBILITY
HIGHEST: 76 ON 15 GRTST 24HR 0.88 ON 1- 1 TO 1/4 MILE OR LESS
LOWEST: 35 ON 4 3 = THUNDER
SNOW, ICE PELLETS, HAIL 4 = ICE PELLETS
TOTAL MONTH: M 5 = HAIL
GRTST 24HR M ON M 6 = FREEZING RAIN OR DRIZZLE
GRTST DEPTH: M ON M 7 = DUSTSTORM OR SANDSTORM:
VSBY 1/2 MILE OR LESS
8 = SMOKE OR HAZE
[NO. OF DAYS WITH] [WEATHER - DAYS WITH] 9 = BLOWING SNOW
X = TORNADO
MAX 32 OR BELOW: 0 0.01 INCH OR MORE: 13
MAX 90 OR ABOVE: 0 0.10 INCH OR MORE: 10
MIN 32 OR BELOW: 0 0.50 INCH OR MORE: 2
MIN 0 OR BELOW: 0 1.00 INCH OR MORE: 0
[HDD (BASE 65) ]
TOTAL THIS MO. 322 CLEAR (SCALE 0-3) 8
DPTR FM NORMAL 0 PTCLDY (SCALE 4-7) 11
TOTAL FM JUL 1 1974 CLOUDY (SCALE 8-10) 8
DPTR FM NORMAL -415
[CDD (BASE 65) ]
TOTAL THIS MO. 0
DPTR FM NORMAL 0 [PRESSURE DATA]
TOTAL FM JAN 1 0 HIGHEST SLP M ON M
DPTR FM NORMAL 0 LOWEST SLP 29.66 ON 1
[REMARKS]