000
CXUS55 KTBW 221420
CF6TPA
PRELIMINARY LOCAL CLIMATOLOGICAL DATA (WS FORM: F-6)

                                          STATION:   Tampa
                                          MONTH:     MAY
                                          YEAR:      2018
                                          LATITUDE:   27 58 N
                                          LONGITUDE:  82 32 W

  TEMPERATURE IN F:       :PCPN:    SNOW:  WIND      :SUNSHINE: SKY     :PK WND
================================================================================
1   2   3   4   5  6A  6B    7    8   9   10  11  12  13   14  15   16   17  18
                                     12Z  AVG MX 2MIN
DY MAX MIN AVG DEP HDD CDD  WTR  SNW DPTH SPD SPD DIR MIN PSBL S-S WX    SPD DR
================================================================================

 1  89  65  77   2   0  12 0.00  0.0    0  6.6 15  80   M    M   4        24 120
 2  89  64  77   2   0  12 0.00  0.0    0  6.9 14  60   M    M   3        22  80
 3  90  64  77   1   0  12 0.00  0.0    0  6.6 16  90   M    M   2        26  80
 4  90  68  79   3   0  14 0.00  0.0    0  8.0 18 270   M    M   2 8      24 270
 5  89  64  77   1   0  12    T  0.0    0  7.1 17 340   M    M   5        22 260
 6  84  73  79   3   0  14    T  0.0    0  5.1 12 250   M    M   9        15  40
 7  92  68  80   3   0  15 0.00  0.0    0  6.0 17 310   M    M   2        22 340
 8  91  67  79   2   0  14 0.00  0.0    0  5.9 17 320   M    M   2        22 320
 9  91  67  79   2   0  14 0.00  0.0    0  5.6 15 340   M    M   4        19  30
10  91  69  80   3   0  15 0.00  0.0    0  4.7 10 270   M    M   6        16  80
11  92  72  82   4   0  17 0.00  0.0    0  5.6 14 250   M    M   6 8      17 250
12  86  74  80   2   0  15 0.00  0.0    0  4.7 12  90   M    M   7        18 100
13  84  71  78   0   0  13 0.15  0.0    0  4.9 15 110   M    M  10 1      19 110
14  81  71  76  -2   0  11 1.70  0.0    0  5.9 12 100   M    M  10 13     18  80
15  87  73  80   2   0  15 0.01  0.0    0 10.7 21 190   M    M   7 3      26 150
16  86  72  79   0   0  14 0.09  0.0    0 11.3 22 190   M    M   6        30 190
17  86  73  80   1   0  15 0.09  0.0    0  9.0 21 230   M    M   8 138    25 180
18  87  72  80   1   0  15    T  0.0    0  6.9 15 180   M    M   6        20 170
19  87  72  80   1   0  15 0.06  0.0    0  4.6 17 360   M    M   7 3      23  40
20  76  71  74  -5   0   9 1.09  0.0    0  5.8 15 130   M    M   9 1      22 130
21  85  73  79  -1   0  14 0.47  0.0    0  5.1 21 160   M    M   9 138    30 140
================================================================================
SM 1833 1463         0 287  3.66     0.0 137.0          M      124
================================================================================
AV 87.3 69.7                               6.5 FASTST   M    M   6    MAX(MPH)
                                 MISC ---->  # 22 190               # 30  190
================================================================================
NOTES:
# LAST OF SEVERAL OCCURRENCES

COLUMN 17 PEAK WIND IN M.P.H.

PRELIMINARY LOCAL CLIMATOLOGICAL DATA (WS FORM: F-6) , PAGE 2

                                          STATION:  Tampa
                                          MONTH:    MAY
                                          YEAR:     2018
                                          LATITUDE:   27 58 N
                                          LONGITUDE:  82 32 W

[TEMPERATURE DATA]      [PRECIPITATION DATA]       SYMBOLS USED IN COLUMN 16

AVERAGE MONTHLY: 78.5   TOTAL FOR MONTH:   3.66    1 = FOG OR MIST
DPTR FM NORMAL:   1.0   DPTR FM NORMAL:    2.47    2 = FOG REDUCING VISIBILITY
HIGHEST:    92 ON 11, 7 GRTST 24HR  1.70 ON 14-14      TO 1/4 MILE OR LESS
LOWEST:     64 ON  5, 3                            3 = THUNDER
                        SNOW, ICE PELLETS, HAIL    4 = ICE PELLETS
                        TOTAL MONTH:   0.0 INCH    5 = HAIL
                        GRTST 24HR     0.0         6 = FREEZING RAIN OR DRIZZLE
                        GRTST DEPTH:   0           7 = DUSTSTORM OR SANDSTORM:
                                                       VSBY 1/2 MILE OR LESS
                                                   8 = SMOKE OR HAZE
[NO. OF DAYS WITH]      [WEATHER - DAYS WITH]      9 = BLOWING SNOW
                                                   X = TORNADO
MAX 32 OR BELOW:   0    0.01 INCH OR MORE:   8
MAX 90 OR ABOVE:   7    0.10 INCH OR MORE:   4
MIN 32 OR BELOW:   0    0.50 INCH OR MORE:   2
MIN  0 OR BELOW:   0    1.00 INCH OR MORE:   2

[HDD (BASE 65) ]
TOTAL THIS MO.     0    CLEAR  (SCALE 0-3)   4
DPTR FM NORMAL     0    PTCLDY (SCALE 4-7)  12
TOTAL FM JUL 1   338    CLOUDY (SCALE 8-10)  5
DPTR FM NORMAL  -200

[CDD (BASE 65) ]
TOTAL THIS MO.   287
DPTR FM NORMAL    24    [PRESSURE DATA]
TOTAL FM JAN 1  1008    HIGHEST SLP M ON M
DPTR FM NORMAL   285    LOWEST  SLP 29.86 ON 14

[REMARKS]
