000
CXUS55 KBOI 201002
CF6TWF
PRELIMINARY LOCAL CLIMATOLOGICAL DATA (WS FORM: F-6)

                                          STATION:   TWIN FALLS ID
                                          MONTH:     MAY
                                          YEAR:      2018
                                          LATITUDE:   42 28 N
                                          LONGITUDE: 114 29 W

  TEMPERATURE IN F:       :PCPN:    SNOW:  WIND      :SUNSHINE: SKY     :PK WND
================================================================================
1   2   3   4   5  6A  6B    7    8   9   10  11  12  13   14  15   16   17  18
                                     12Z  AVG MX 2MIN
DY MAX MIN AVG DEP HDD CDD  WTR  SNW DPTH SPD SPD DIR MIN PSBL S-S WX    SPD DR
================================================================================

 1  55  32  44  -8  21   0 0.07    M    M 10.3 18 250   M    M   5 18     22 250
 2  63  34  49  -3  16   0 0.00    M    M  8.4 18 270   M    M   4        22 270
 3  69  40  55   2  10   0 0.00    M    M 12.5 20 250   M    M   0        26 290
 4  77  45  61   8   4   0 0.00    M    M  7.5 15 180   M    M   0        19 180
 5  80  46  63  10   2   0 0.00    M    M  7.3 16 180   M    M   0 8      20 180
 6  86  47  67  13   0   2    T    M    M 10.1 25 300   M    M   0 8      36 290
 7  75  51  63   9   2   0 0.00    M    M 14.7 23 220   M    M   0        27 210
 8  80  50  65  11   0   0 0.00    M    M  9.0 16 190   M    M   0        20 190
 9  80  54  67  13   0   2 0.02    M    M 10.1 23 300   M    M   1        34 310
10  72  48  60   5   5   0 0.00    M    M 14.3 33 280   M    M   2 8      39 270
11  56  40  48  -7  17   0 0.01    M    M 13.8 26 240   M    M   7 8      32 240
12  46  42  44 -11  21   0 0.44    M    M  7.6 20 270   M    M  10 1      22 270
13  59  41  50  -6  15   0 0.11    M    M  5.7 16 160   M    M   8 13     19 150
14  73  39  56   0   9   0 0.00    M    M  7.7 29 130   M    M   2        36 140
15  70  47  59   3   6   0 0.05    M    M  7.4 21  90   M    M   3 3      24  90
16  72  44  58   1   7   0 0.06    M    M  8.0 17 240   M    M   1 138    22 240
17  70  46  58   1   7   0 0.02    M    M 11.8 29 180   M    M   2 13     37 180
18  69  48  59   2   6   0 0.00    M    M  9.3 18 280   M    M   5        26 250
19  75  40  58   1   7   0    T    M    M  5.3 14 180   M    M   0 8      18 180
================================================================================
SM 1327  834       155   4  0.78    M    180.8          M       50
================================================================================
AV 69.8 43.9                               9.5 FASTST   M    M   3    MAX(MPH)
                                 MISC ---->  # 33 280               # 39  270
================================================================================
NOTES:
# LAST OF SEVERAL OCCURRENCES

COLUMN 17 PEAK WIND IN M.P.H.

PRELIMINARY LOCAL CLIMATOLOGICAL DATA (WS FORM: F-6) , PAGE 2

                                          STATION:  TWIN FALLS ID
                                          MONTH:    MAY
                                          YEAR:     2018
                                          LATITUDE:   42 28 N
                                          LONGITUDE: 114 29 W

[TEMPERATURE DATA]      [PRECIPITATION DATA]       SYMBOLS USED IN COLUMN 16

AVERAGE MONTHLY: 56.9   TOTAL FOR MONTH:   0.78    1 = FOG OR MIST
DPTR FM NORMAL:   2.1   DPTR FM NORMAL:   -0.06    2 = FOG REDUCING VISIBILITY
HIGHEST:    86 ON  6    GRTST 24HR  0.44 ON 12-12      TO 1/4 MILE OR LESS
LOWEST:     32 ON  1                               3 = THUNDER
                        SNOW, ICE PELLETS, HAIL    4 = ICE PELLETS
                        TOTAL MONTH:    M          5 = HAIL
                        GRTST 24HR    M  ON   M    6 = FREEZING RAIN OR DRIZZLE
                        GRTST DEPTH:  M  ON   M    7 = DUSTSTORM OR SANDSTORM:
                                                       VSBY 1/2 MILE OR LESS
                                                   8 = SMOKE OR HAZE
[NO. OF DAYS WITH]      [WEATHER - DAYS WITH]      9 = BLOWING SNOW
                                                   X = TORNADO
MAX 32 OR BELOW:   0    0.01 INCH OR MORE:   8
MAX 90 OR ABOVE:   0    0.10 INCH OR MORE:   2
MIN 32 OR BELOW:   1    0.50 INCH OR MORE:   0
MIN  0 OR BELOW:   0    1.00 INCH OR MORE:   0

[HDD (BASE 65) ]
TOTAL THIS MO.   155    CLEAR  (SCALE 0-3)  13
DPTR FM NORMAL   -48    PTCLDY (SCALE 4-7)   5
TOTAL FM JUL 1  5967    CLOUDY (SCALE 8-10)  1
DPTR FM NORMAL   -34

[CDD (BASE 65) ]
TOTAL THIS MO.     4
DPTR FM NORMAL    -3    [PRESSURE DATA]
TOTAL FM JAN 1     4    HIGHEST SLP M ON M
DPTR FM NORMAL    -4    LOWEST  SLP 29.76 ON 16

[REMARKS]
