598
CXUS54 KSHV 231500
CF6TXK
PRELIMINARY LOCAL CLIMATOLOGICAL DATA (WS FORM: F-6)

                                          STATION:   TEXARKANA
                                          MONTH:     MAY
                                          YEAR:      2018
                                          LATITUDE:   33 27 N
                                          LONGITUDE:  94  0 W

  TEMPERATURE IN F:       :PCPN:    SNOW:  WIND      :SUNSHINE: SKY     :PK WND
================================================================================
1   2   3   4   5  6A  6B    7    8   9   10  11  12  13   14  15   16   17  18
                                     12Z  AVG MX 2MIN
DY MAX MIN AVG DEP HDD CDD  WTR  SNW DPTH SPD SPD DIR MIN PSBL S-S WX    SPD DR
================================================================================

 1  83  64  74   6   0   9 0.00  0.0    0  9.6 18 200   M    M   7        24 180
 2  82  69  76   8   0  11    T  0.0    0 10.9 21 170   M    M   9        26 180
 3  79  67  73   5   0   8 1.23  0.0    0  9.2 28 270   M    M   4 123    33 270
 4  73  63  68  -1   0   3 0.07  0.0    0  6.0 14 320   M    M   8 1      18 250
 5  80  59  70   1   0   5 0.01  0.0    0  5.6 16 300   M    M   2 1      20 290
 6  85  57  71   2   0   6 0.00  0.0    0  3.7 12 360   M    M   0        17 300
 7  88  59  74   4   0   9 0.00  0.0    0  4.5 13 280   M    M   1        15 280
 8  88  65  77   7   0  12 0.00  0.0    0  7.7 13 230   M    M   0        21 190
 9  88  65  77   7   0  12 0.00  0.0    0  8.9 22 220   M    M   0        27 230
10  84  63  74   4   0   9 0.00  0.0    0  7.5 15 160   M    M   0        20 180
11  87  64  76   6   0  11 0.00  0.0    0 10.4 20 180   M    M   0        27 210
12  87  68  78   7   0  13 0.00  0.0    0  8.1 14 190   M    M   3        19 180
13  89  69  79   8   0  14 0.00  0.0    0  7.2 13 210   M    M   0 1      17 190
14  90  71  81  10   0  16 0.00  0.0    0  8.3 16 200   M    M   1        20 220
15  88  69  79   7   0  14    T  0.0    0  6.0 20 280   M    M   1        25 280
16  89  64  77   5   0  12    T  0.0    0  4.3 24  10   M    M   2 3      32  10
17  88  63  76   4   0  11 0.00  0.0    0  3.3 13 350   M    M   1        15 360
18  91  67  79   7   0  14 0.00  0.0    0  5.8 14 140   M    M   2        18 130
19  91  70  81   9   0  16 0.00  0.0    0  8.6 17 200   M    M   2        24 200
20  91  71  81   8   0  16 0.00  0.0    0  7.5 16 230   M    M   1        19 230
21  88  70  79   6   0  14    T  0.0    0  3.3 10 210   M    M   4        14 160
22  89  66  78   5   0  13 0.41  0.0    0  3.8 38 360   M    M   1 13     49 350
================================================================================
SM 1898 1443         0 248  1.72     0.0 150.2          M       49
================================================================================
AV 86.3 65.6                               6.8 FASTST   M    M   2    MAX(MPH)
                                 MISC ---->  # 38 360               # 49  350
================================================================================
NOTES:
# LAST OF SEVERAL OCCURRENCES

COLUMN 17 PEAK WIND IN M.P.H.

PRELIMINARY LOCAL CLIMATOLOGICAL DATA (WS FORM: F-6) , PAGE 2

                                          STATION:  TEXARKANA
                                          MONTH:    MAY
                                          YEAR:     2018
                                          LATITUDE:   33 27 N
                                          LONGITUDE:  94  0 W

[TEMPERATURE DATA]      [PRECIPITATION DATA]       SYMBOLS USED IN COLUMN 16

AVERAGE MONTHLY: 75.9   TOTAL FOR MONTH:   1.72    1 = FOG OR MIST
DPTR FM NORMAL:   5.3   DPTR FM NORMAL:   -2.04    2 = FOG REDUCING VISIBILITY
HIGHEST:    91 ON 20,19 GRTST 24HR  1.23 ON  3- 3      TO 1/4 MILE OR LESS
LOWEST:     57 ON  6                               3 = THUNDER
                        SNOW, ICE PELLETS, HAIL    4 = ICE PELLETS
                        TOTAL MONTH:   0.0 INCH    5 = HAIL
                        GRTST 24HR     0.0         6 = FREEZING RAIN OR DRIZZLE
                        GRTST DEPTH:   0           7 = DUSTSTORM OR SANDSTORM:
                                                       VSBY 1/2 MILE OR LESS
                                                   8 = SMOKE OR HAZE
[NO. OF DAYS WITH]      [WEATHER - DAYS WITH]      9 = BLOWING SNOW
                                                   X = TORNADO
MAX 32 OR BELOW:   0    0.01 INCH OR MORE:   4
MAX 90 OR ABOVE:   4    0.10 INCH OR MORE:   2
MIN 32 OR BELOW:   0    0.50 INCH OR MORE:   1
MIN  0 OR BELOW:   0    1.00 INCH OR MORE:   1

[HDD (BASE 65) ]
TOTAL THIS MO.     0    CLEAR  (SCALE 0-3)  17
DPTR FM NORMAL   -12    PTCLDY (SCALE 4-7)   4
TOTAL FM JUL 1  2526    CLOUDY (SCALE 8-10)  1
DPTR FM NORMAL   -89

[CDD (BASE 65) ]
TOTAL THIS MO.   248
DPTR FM NORMAL   112    [PRESSURE DATA]
TOTAL FM JAN 1   308    HIGHEST SLP M ON M
DPTR FM NORMAL    75    LOWEST  SLP 29.76 ON 18

[REMARKS]
