000
CXUS51 KBTV 190700
CF6VSF
PRELIMINARY LOCAL CLIMATOLOGICAL DATA (WS FORM: F-6)

                                          STATION:   SPRINGFIELD VT
                                          MONTH:     APRIL
                                          YEAR:      2018
                                          LATITUDE:   43 19 N
                                          LONGITUDE:  72 31 W

  TEMPERATURE IN F:       :PCPN:    SNOW:  WIND      :SUNSHINE: SKY     :PK WND
================================================================================
1   2   3   4   5  6A  6B    7    8   9   10  11  12  13   14  15   16   17  18
                                     12Z  AVG MX 2MIN
DY MAX MIN AVG DEP HDD CDD  WTR  SNW DPTH SPD SPD DIR MIN PSBL S-S WX    SPD DR
================================================================================

 1  47  27  37  -1  28   0    T  0.0    0  9.2 23 250   M    M   4        33 270
 2  44  26  35  -3  30   0 0.00  0.0    0  2.8 14 310   M    M   3        20 320
 3  45  26  36  -2  29   0 0.13    M    0  2.8 18 180   M    M   6 1      24 170
 4  47  30  39   0  26   0 0.33    M    0  7.0 33 270   M    M   8 1      50 290
 5  37  23  30  -9  35   0 0.00  0.0    0 13.9 30 270   M    M   3        41 270
 6  37  16  27 -13  38   0 0.14    M    0  3.2 16 150   M    M   6 128    22 170
 7  39  28  34  -6  31   0    T    M    0  8.4 21 270   M    M   5 1      30 260
 8  36  19  28 -13  37   0    T    M    0  6.1 16 280   M    M   6 1      22 320
 9  41  22  32  -9  33   0 0.00  0.0    0  5.6 18 260   M    M   1        25 280
10  42  25  34  -8  31   0    T    M    0  1.7 12 260   M    M   9 8      15 280
11  48  21  35  -7  30   0 0.00  0.0    0  3.5 20 270   M    M   5 12     24 260
12  54  24  39  -4  26   0 0.24    M    0  2.7 14 210   M    M   6 1      21 170
13  58  38  48   5  17   0    T    M    0  2.2 13 340   M    M   9 12     18 330
14  46  27  37  -7  28   0 0.00  0.0    0  5.8 15 360   M    M  10 1      23  20
15  29  25  27 -17  38   0 0.36    M    0  5.5 13 100   M    M  10 16     17 100
16  39  26  33 -12  32   0 1.15    M    0  6.5 16  70   M    M  10 1      25  60
17  42  33  38  -7  27   0 0.06    M    0  5.3 23 290   M    M  10 12     33 290
18  47  32  40  -6  25   0 0.00  0.0    0  9.2 21 260   M    M   9        28 260
================================================================================
SM  778  468       541   0  2.41     0.0 101.4          M      120
================================================================================
AV 43.2 26.0                               5.6 FASTST   M    M   7    MAX(MPH)
                                 MISC ---->  # 33 270               # 50  290
================================================================================
NOTES:
# LAST OF SEVERAL OCCURRENCES

COLUMN 17 PEAK WIND IN M.P.H.

PRELIMINARY LOCAL CLIMATOLOGICAL DATA (WS FORM: F-6) , PAGE 2

                                          STATION:  SPRINGFIELD VT
                                          MONTH:    APRIL
                                          YEAR:     2018
                                          LATITUDE:   43 19 N
                                          LONGITUDE:  72 31 W

[TEMPERATURE DATA]      [PRECIPITATION DATA]       SYMBOLS USED IN COLUMN 16

AVERAGE MONTHLY: 34.6   TOTAL FOR MONTH:   2.41    1 = FOG OR MIST
DPTR FM NORMAL:  -6.9   DPTR FM NORMAL:    0.01    2 = FOG REDUCING VISIBILITY
HIGHEST:    58 ON 13    GRTST 24HR  1.15 ON 16-16      TO 1/4 MILE OR LESS
LOWEST:     16 ON  6                               3 = THUNDER
                        SNOW, ICE PELLETS, HAIL    4 = ICE PELLETS
                        TOTAL MONTH:   0.0 INCH    5 = HAIL
                        GRTST 24HR     0.0         6 = FREEZING RAIN OR DRIZZLE
                        GRTST DEPTH:   0           7 = DUSTSTORM OR SANDSTORM:
                                                       VSBY 1/2 MILE OR LESS
                                                   8 = SMOKE OR HAZE
[NO. OF DAYS WITH]      [WEATHER - DAYS WITH]      9 = BLOWING SNOW
                                                   X = TORNADO
MAX 32 OR BELOW:   1    0.01 INCH OR MORE:   7
MAX 90 OR ABOVE:   0    0.10 INCH OR MORE:   6
MIN 32 OR BELOW:  16    0.50 INCH OR MORE:   1
MIN  0 OR BELOW:   0    1.00 INCH OR MORE:   1

[HDD (BASE 65) ]
TOTAL THIS MO.   541    CLEAR  (SCALE 0-3)   2
DPTR FM NORMAL   119    PTCLDY (SCALE 4-7)   9
TOTAL FM JUL 1  6749    CLOUDY (SCALE 8-10)  7
DPTR FM NORMAL  -153

[CDD (BASE 65) ]
TOTAL THIS MO.     0
DPTR FM NORMAL     0    [PRESSURE DATA]
TOTAL FM JAN 1     0    HIGHEST SLP M ON M
DPTR FM NORMAL     0    LOWEST  SLP 29.32 ON  4

[REMARKS]
