000
CXUS56 KMTR 271000
CF6WVI
PRELIMINARY LOCAL CLIMATOLOGICAL DATA (WS FORM: F-6)

                                          STATION:   WATSONVILLE AIRPORT
                                          MONTH:     MAY
                                          YEAR:      2018
                                          LATITUDE:   36 55 N
                                          LONGITUDE: 121 47 W

  TEMPERATURE IN F:       :PCPN:    SNOW:  WIND      :SUNSHINE: SKY     :PK WND
================================================================================
1   2   3   4   5  6A  6B    7    8   9   10  11  12  13   14  15   16   17  18
                                     12Z  AVG MX 2MIN
DY MAX MIN AVG DEP HDD CDD  WTR  SNW DPTH SPD SPD DIR MIN PSBL S-S WX    SPD DR
================================================================================

 1  61  42  52  -5  13   0 0.00  0.0    0  5.6 13 160   M    M   6 18     16 160
 2  62  45  54  -3  11   0 0.00  0.0    0  4.3 17 230   M    M   4 18     21 240
 3  63  48  56  -2   9   0 0.00  0.0    0  3.8 10 210   M    M   5        14 210
 4  72  44  58   0   7   0 0.00  0.0    0  4.4 15 170   M    M   2 18     17 180
 5  67  47  57  -1   8   0 0.00  0.0    0  4.7 12 130   M    M   3 1      16  40
 6  67  51  59   1   6   0 0.00  0.0    0  4.3 13 240   M    M   4        16 230
 7  72  46  59   1   6   0 0.00  0.0    0  3.7 12 200   M    M   0        14 120
 8  68  49  59   1   6   0 0.00  0.0    0  4.0 10 180   M    M   3 1      13 150
 9  74  47  61   3   4   0 0.00  0.0    0  4.5 12  80   M    M   3 12     15 190
10  69  45  57  -1   8   0 0.00  0.0    0  4.4 12 100   M    M   3 1      16 120
11  69  50  60   2   5   0 0.00  0.0    0  5.2 12 150   M    M   4 18     15 140
12  63  51  57  -1   8   0 0.00  0.0    0  7.3 16 250   M    M   8 1      22 250
13  63  48  56  -2   9   0 0.00  0.0    0  5.9 16 240   M    M   7 1      20 220
14  63  47  55  -4  10   0 0.00  0.0    0  4.7 16 230   M    M   5        20 230
15  65  50  58  -1   7   0 0.00  0.0    0  6.2 16 240   M    M   6        21 210
16  67  44  56  -3   9   0 0.00  0.0    0  5.3 17 230   M    M   2        22 230
17  68  45  57  -2   8   0 0.00  0.0    0  5.8 14  80   M    M   1        18 220
18  66  53  60   1   5   0    T  0.0    0  4.7 14 230   M    M   8 18     17 250
19  67  51  59   0   6   0    T  0.0    0  5.4 13 180   M    M   6 18     16 170
20  66  50  58  -1   7   0 0.00  0.0    0  5.5 15 210   M    M   5        20 210
21  63  52  58  -1   7   0 0.00  0.0    0  5.3 13 110   M    M   8 18     16 190
22  59  51  55  -4  10   0    T  0.0    0  5.7 15 210   M    M  10 18     20 210
23  64  51  58  -2   7   0 0.02  0.0    0  5.8 16 240   M    M   7 1      22 240
24  63  53  58  -2   7   0 0.01  0.0    0  5.5 13 240   M    M  10        17 240
25  65  51  58  -2   7   0 0.03  0.0    0  5.4 15 230   M    M   9 18     19 230
26  63  49  56  -4   9   0 0.00  0.0    0  4.6 13 180   M    M   9        15 190
================================================================================
SM 1709 1260       199   0  0.06     0.0 132.0          M      138
================================================================================
AV 65.7 48.5                               5.1 FASTST   M    M   5    MAX(MPH)
                                 MISC ---->  # 17 230               # 22  250
================================================================================
NOTES:
# LAST OF SEVERAL OCCURRENCES

COLUMN 17 PEAK WIND IN M.P.H.

PRELIMINARY LOCAL CLIMATOLOGICAL DATA (WS FORM: F-6) , PAGE 2

                                          STATION:  WATSONVILLE AIRPORT
                                          MONTH:    MAY
                                          YEAR:     2018
                                          LATITUDE:   36 55 N
                                          LONGITUDE: 121 47 W

[TEMPERATURE DATA]      [PRECIPITATION DATA]       SYMBOLS USED IN COLUMN 16

AVERAGE MONTHLY: 57.1   TOTAL FOR MONTH:   0.06    1 = FOG OR MIST
DPTR FM NORMAL:  -1.5   DPTR FM NORMAL:   -0.55    2 = FOG REDUCING VISIBILITY
HIGHEST:    74 ON  9    GRTST 24HR  0.03 ON 25-25      TO 1/4 MILE OR LESS
LOWEST:     42 ON  1                               3 = THUNDER
                        SNOW, ICE PELLETS, HAIL    4 = ICE PELLETS
                        TOTAL MONTH:   0.0 INCH    5 = HAIL
                        GRTST 24HR     0.0         6 = FREEZING RAIN OR DRIZZLE
                        GRTST DEPTH:   0           7 = DUSTSTORM OR SANDSTORM:
                                                       VSBY 1/2 MILE OR LESS
                                                   8 = SMOKE OR HAZE
[NO. OF DAYS WITH]      [WEATHER - DAYS WITH]      9 = BLOWING SNOW
                                                   X = TORNADO
MAX 32 OR BELOW:   0    0.01 INCH OR MORE:   3
MAX 90 OR ABOVE:   0    0.10 INCH OR MORE:   0
MIN 32 OR BELOW:   0    0.50 INCH OR MORE:   0
MIN  0 OR BELOW:   0    1.00 INCH OR MORE:   0

[HDD (BASE 65) ]
TOTAL THIS MO.   199    CLEAR  (SCALE 0-3)   7
DPTR FM NORMAL    25    PTCLDY (SCALE 4-7)  14
TOTAL FM JUL 1  2419    CLOUDY (SCALE 8-10)  5
DPTR FM NORMAL  -390

[CDD (BASE 65) ]
TOTAL THIS MO.     0
DPTR FM NORMAL     0    [PRESSURE DATA]
TOTAL FM JAN 1     0    HIGHEST SLP M ON M
DPTR FM NORMAL    -6    LOWEST  SLP 29.74 ON 11

[REMARKS]
