000
CDUS41 KBTV 200540
CLI1V4


CLIMATE REPORT
NATIONAL WEATHER SERVICE BURLINGTON VT
139 AM EDT SUN MAY 20 2018


...................................

...THE ST. JOHNSBURY VT CLIMATE SUMMARY FOR MAY 19 2018...

CLIMATE NORMAL PERIOD 1981 TO 2010
CLIMATE RECORD PERIOD 1894 TO 2018


WEATHER ITEM   OBSERVED TIME   RECORD YEAR NORMAL DEPARTURE LAST
                VALUE   (LST)  VALUE       VALUE  FROM      YEAR
                                                  NORMAL
..................................................................
TEMPERATURE (F)
 YESTERDAY
  MAXIMUM         64        MM  91    1962  70     -6       71
  MINIMUM         37        MM  28    1957  45     -8       44
  AVERAGE         51                        58     -7       58

PRECIPITATION (IN)
  YESTERDAY        0.28          1.24 1904   0.11   0.17     0.00
  MONTH TO DATE    1.11                      1.98  -0.87     3.22
  SINCE MAR 1      8.05                      7.35   0.70     9.54
  SINCE JAN 1     13.63                     12.03   1.60    15.28

DEGREE DAYS
 HEATING
  YESTERDAY       14                         8      6        7
  MONTH TO DATE  169                       207    -38      267
  SINCE MAR 1   2048                      1902    146     2061
  SINCE JUL 1   7565                      7626    -61     7074

 COOLING
  YESTERDAY        0                         1     -1        0
  MONTH TO DATE    0                         2     -2       12
  SINCE MAR 1      0                         3     -3       13
  SINCE JAN 1      0                         3     -3       13
..................................................................


WIND (MPH)
  HIGHEST WIND SPEED    MM   HIGHEST WIND DIRECTION    MM
  HIGHEST GUST SPEED    MM   HIGHEST GUST DIRECTION    MM
  AVERAGE WIND SPEED    MM


SKY COVER
  AVERAGE SKY COVER 0.0


WEATHER CONDITIONS
 THE FOLLOWING WEATHER WAS RECORDED YESTERDAY.
  NO SIGNIFICANT WEATHER WAS OBSERVED.


RELATIVE HUMIDITY (PERCENT)
 HIGHEST   100           700 PM
 LOWEST     19          1200 PM
 AVERAGE    60

..........................................................


THE ST. JOHNSBURY VT CLIMATE NORMALS FOR TODAY
                         NORMAL    RECORD    YEAR
 MAXIMUM TEMPERATURE (F)   70        91      1975
 MINIMUM TEMPERATURE (F)   46        27      2002


SUNRISE AND SUNSET
MAY 20 2018...........SUNRISE   516 AM EDT   SUNSET   814 PM EDT
MAY 21 2018...........SUNRISE   515 AM EDT   SUNSET   815 PM EDT


-  INDICATES NEGATIVE NUMBERS.
R  INDICATES RECORD WAS SET OR TIED.
MM INDICATES DATA IS MISSING.
T  INDICATES TRACE AMOUNT.




$$
