000
CDUS43 KABR 260703
CLI8D3


CLIMATE REPORT
NATIONAL WEATHER SERVICE ABERDEEN SD
201 AM CDT SAT MAY 26 2018


...................................

...THE SISSETON SD CLIMATE SUMMARY FOR MAY 25 2018...

CLIMATE NORMAL PERIOD 1981 TO 2010
CLIMATE RECORD PERIOD 1900 TO 2018


WEATHER ITEM   OBSERVED TIME   RECORD YEAR NORMAL DEPARTURE LAST
                VALUE   (LST)  VALUE       VALUE  FROM      YEAR
                                                  NORMAL
..................................................................
TEMPERATURE (F)
 YESTERDAY
  MAXIMUM         93R   415 PM  92    1959  72     21       71
  MINIMUM         64    529 AM  32    1905  48     16       42
  AVERAGE         79                        60     19       57

PRECIPITATION (IN)
  YESTERDAY        0.00          0.75 2005   0.08  -0.08     0.00
  MONTH TO DATE    1.02                      2.18  -1.16     1.09
  SINCE MAR 1      3.30                      5.58  -2.28     2.92
  SINCE JAN 1      4.40                      6.44  -2.04     4.12

DEGREE DAYS
 HEATING
  YESTERDAY        0                         6     -6        8
  MONTH TO DATE  126                       231   -105      209
  SINCE MAR 1   2138                      1931    207     1859
  SINCE JUL 1   8235                      8190     45     7123

 COOLING
  YESTERDAY       14                         1     13        0
  MONTH TO DATE   66                        16     50       16
  SINCE MAR 1     66                        17     49       16
  SINCE JAN 1     66                        17     49       16
..................................................................


WIND (MPH)
  HIGHEST WIND SPEED    22   HIGHEST WIND DIRECTION     W (280)
  HIGHEST GUST SPEED    30   HIGHEST GUST DIRECTION     W (280)
  AVERAGE WIND SPEED    10.2


SKY COVER
  POSSIBLE SUNSHINE  MM
  AVERAGE SKY COVER 0.0


WEATHER CONDITIONS
 THE FOLLOWING WEATHER WAS RECORDED YESTERDAY.
  NO SIGNIFICANT WEATHER WAS OBSERVED.


RELATIVE HUMIDITY (PERCENT)
 HIGHEST    84           500 AM
 LOWEST     23           600 PM
 AVERAGE    54

..........................................................


THE SISSETON SD CLIMATE NORMALS FOR TODAY
                         NORMAL    RECORD    YEAR
 MAXIMUM TEMPERATURE (F)   72        94      1934
 MINIMUM TEMPERATURE (F)   49        32      1932


SUNRISE AND SUNSET
MAY 26 2018...........SUNRISE   546 AM CDT   SUNSET   905 PM CDT
MAY 27 2018...........SUNRISE   545 AM CDT   SUNSET   906 PM CDT


-  INDICATES NEGATIVE NUMBERS.
R  INDICATES RECORD WAS SET OR TIED.
MM INDICATES DATA IS MISSING.
T  INDICATES TRACE AMOUNT.




$$
