000
CDUS41 KPHI 222128
CLIABE


CLIMATE REPORT
NATIONAL WEATHER SERVICE MOUNT HOLLY NJ
527 PM EDT TUE MAY 22 2018


...................................

...THE ALLENTOWN PA CLIMATE SUMMARY FOR MAY 22 2018...
VALID TODAY AS OF 0500 PM LOCAL TIME.

CLIMATE NORMAL PERIOD 1981 TO 2010
CLIMATE RECORD PERIOD 1922 TO 2018


WEATHER ITEM   OBSERVED TIME   RECORD YEAR NORMAL DEPARTURE LAST
                VALUE   (LST)  VALUE       VALUE  FROM      YEAR
                                                  NORMAL
..................................................................
TEMPERATURE (F)
 TODAY
  MAXIMUM         67   1139 AM  96    1941  73     -6       61
  MINIMUM         58    332 PM  33    2002  50      8       55
  AVERAGE         63                        62      1       58

PRECIPITATION (IN)
  TODAY            0.43          2.60 1942   0.14   0.29     0.12
  MONTH TO DATE    4.02                      2.85   1.17     3.05
  SINCE MAR 1     10.94                      9.80   1.14    10.93
  SINCE JAN 1     19.61                     15.53   4.08    16.02

SNOWFALL (IN)
  TODAY            0.0           0.0    MM   0.0    0.0      0.0
  MONTH TO DATE    0.0                       0.0    0.0      0.0
  SINCE MAR 1     24.6                       5.9   18.7     18.3
  SINCE JUL 1     49.9                      32.9   17.0     28.3
  SNOW DEPTH       0

DEGREE DAYS
 HEATING
  TODAY            2                         5     -3        7
  MONTH TO DATE   58                       163   -105      171
  SINCE MAR 1   1432                      1424      8     1264
  SINCE JUL 1   5255                      5733   -478     4766

 COOLING
  TODAY            0                         2     -2        0
  MONTH TO DATE   39                        18     21       35
  SINCE MAR 1     43                        23     20       54
  SINCE JAN 1     43                        23     20       54
..................................................................


WIND (MPH)
  HIGHEST WIND SPEED    14   HIGHEST WIND DIRECTION     S (190)
  HIGHEST GUST SPEED    16   HIGHEST GUST DIRECTION     S (190)
  AVERAGE WIND SPEED     3.5


SKY COVER
  POSSIBLE SUNSHINE  MM
  AVERAGE SKY COVER 0.7


WEATHER CONDITIONS
 THE FOLLOWING WEATHER WAS RECORDED TODAY.
  HEAVY RAIN
  RAIN
  LIGHT RAIN
  FOG
  HAZE


RELATIVE HUMIDITY (PERCENT)
 HIGHEST    90           700 AM
 LOWEST     67          1200 AM
 AVERAGE    79

..........................................................


THE ALLENTOWN PA CLIMATE NORMALS FOR TOMORROW
                         NORMAL    RECORD    YEAR
 MAXIMUM TEMPERATURE (F)   74        95      1925
 MINIMUM TEMPERATURE (F)   51        37      2002


SUNRISE AND SUNSET
MAY 22 2018...........SUNRISE   539 AM EDT   SUNSET   818 PM EDT
MAY 23 2018...........SUNRISE   538 AM EDT   SUNSET   819 PM EDT


-  INDICATES NEGATIVE NUMBERS.
R  INDICATES RECORD WAS SET OR TIED.
MM INDICATES DATA IS MISSING.
T  INDICATES TRACE AMOUNT.




$$
