000
CDUS43 KABR 232232
CLIABR


CLIMATE REPORT
NATIONAL WEATHER SERVICE ABERDEEN SD
531 PM CDT WED MAY 23 2018


...................................

...THE ABERDEEN SD CLIMATE SUMMARY FOR MAY 23 2018...
VALID TODAY AS OF 0500 PM LOCAL TIME.

CLIMATE NORMAL PERIOD 1981 TO 2010
CLIMATE RECORD PERIOD 1893 TO 2018


WEATHER ITEM   OBSERVED TIME   RECORD YEAR NORMAL DEPARTURE LAST
                VALUE   (LST)  VALUE       VALUE  FROM      YEAR
                                                  NORMAL
..................................................................
TEMPERATURE (F)
 TODAY
  MAXIMUM         86    258 PM  94    1950  71     15       58
  MINIMUM         62    322 AM  26    1897  47     15       39
  AVERAGE         74                        59     15       49

PRECIPITATION (IN)
  TODAY            0.09          1.04 1936   0.09   0.00     0.02
  MONTH TO DATE    0.51                      2.34  -1.83     0.59
  SINCE MAR 1      3.08                      5.35  -2.27     2.64
  SINCE JAN 1      3.95                      6.37  -2.42     3.32

DEGREE DAYS
 COOLING
  TODAY            9                         1      8        0
  MONTH TO DATE   27                        13     14       12
  SINCE MAR 1     27                        15     12       12
  SINCE JAN 1     27                        15     12       12
..................................................................


WIND (MPH)
  HIGHEST WIND SPEED    29   HIGHEST WIND DIRECTION    SE (140)
  HIGHEST GUST SPEED    37   HIGHEST GUST DIRECTION     W (250)
  AVERAGE WIND SPEED    14.9


SKY COVER
  POSSIBLE SUNSHINE  MM
  AVERAGE SKY COVER 0.5


WEATHER CONDITIONS
 THE FOLLOWING WEATHER WAS RECORDED TODAY.
  THUNDERSTORM
  LIGHT RAIN
  FOG


RELATIVE HUMIDITY (PERCENT)
 HIGHEST    87           400 AM
 LOWEST     55           300 PM
 AVERAGE    71

..........................................................


THE ABERDEEN SD CLIMATE NORMALS FOR TOMORROW
                         NORMAL    RECORD    YEAR
 MAXIMUM TEMPERATURE (F)   71        99      1926
 MINIMUM TEMPERATURE (F)   47        25      1897


SUNRISE AND SUNSET
MAY 23 2018...........SUNRISE   555 AM CDT   SUNSET   906 PM CDT
MAY 24 2018...........SUNRISE   554 AM CDT   SUNSET   908 PM CDT


-  INDICATES NEGATIVE NUMBERS.
R  INDICATES RECORD WAS SET OR TIED.
MM INDICATES DATA IS MISSING.
T  INDICATES TRACE AMOUNT.


$$

THE PEAK WIND SPEED WAS 37 MPH FROM THE WEST AT 9 AM CDT.

$$
