000
CDUS42 KTAE 250633
CLIABY


CLIMATE REPORT
NATIONAL WEATHER SERVICE TALLAHASSEE FL
230 AM EDT WED APR 25 2018


...................................

...THE ALBANY CLIMATE SUMMARY FOR APRIL 24 2018...

CLIMATE NORMAL PERIOD 1981 TO 2010
CLIMATE RECORD PERIOD 1930 TO 2018


WEATHER ITEM   OBSERVED TIME   RECORD YEAR NORMAL DEPARTURE LAST
                VALUE   (LST)  VALUE       VALUE  FROM      YEAR
                                                  NORMAL
..................................................................
TEMPERATURE (F)
 YESTERDAY
  MAXIMUM         75    202 PM  91    2011  81     -6       70
                                      2009
  MINIMUM         57    647 AM  32    1986  55      2       53
  AVERAGE         66                        68     -2       62

PRECIPITATION (IN)
  YESTERDAY        T                         0.09  -0.09     0.00
  MONTH TO DATE    3.81                      3.16   0.65     2.13
  SINCE MAR 1      7.00                      8.21  -1.21     3.35
  SINCE JAN 1     15.11                     17.19  -2.08    15.17

SNOWFALL (IN)
  YESTERDAY        0.0
  MONTH TO DATE    0.0
  SINCE MAR 1      0.0
  SINCE JUL 1      0.1

DEGREE DAYS
 HEATING
  YESTERDAY        0                         1     -1        3
  MONTH TO DATE   61                        61      0       26
  SINCE MAR 1    295                       270     25      189
  SINCE JUL 1   1541                      1830   -289      992

 COOLING
  YESTERDAY        1                         4     -3        0
  MONTH TO DATE   40                        71    -31      135
  SINCE MAR 1     83                       100    -17      212
  SINCE JAN 1    166                       109     57      250
..................................................................


WIND (MPH)
  HIGHEST WIND SPEED    17   HIGHEST WIND DIRECTION     W (280)
  HIGHEST GUST SPEED    23   HIGHEST GUST DIRECTION     W (250)
  AVERAGE WIND SPEED     7.4




RELATIVE HUMIDITY (PERCENT)
 HIGHEST    86
 LOWEST     49
 AVERAGE    68

..........................................................


THE ALBANY CLIMATE NORMALS FOR TODAY
                         NORMAL    RECORD    YEAR
 MAXIMUM TEMPERATURE (F)   82        92      1958
 MINIMUM TEMPERATURE (F)   56        37      1986


SUNRISE AND SUNSET
APRIL 25 2018.........SUNRISE   657 AM EDT   SUNSET   812 PM EDT
APRIL 26 2018.........SUNRISE   656 AM EDT   SUNSET   813 PM EDT


-  INDICATES NEGATIVE NUMBERS.
R  INDICATES RECORD WAS SET OR TIED.
MM INDICATES DATA IS MISSING.
T  INDICATES TRACE AMOUNT.




$$
