000
CDUS44 KLCH 231245
CLIAEX


CLIMATE REPORT
NATIONAL WEATHER SERVICE LAKE CHARLES, LA
745 AM CDT MON APR 23 2018


...................................

...THE ALEXANDRIA CLIMATE SUMMARY FOR APRIL 22 2018...

CLIMATE NORMAL PERIOD 1981 TO 2010
CLIMATE RECORD PERIOD 1892 TO 2018


WEATHER ITEM   OBSERVED TIME   RECORD YEAR NORMAL DEPARTURE LAST
                VALUE   (LST)  VALUE       VALUE  FROM      YEAR
                                                  NORMAL
..................................................................
TEMPERATURE (F)
 YESTERDAY
  MAXIMUM         66    450 PM  94    1987  80    -14       81
  MINIMUM         51   1159 PM  36    1931  56     -5       57
  AVERAGE         59                        68     -9       69

PRECIPITATION (IN)
  YESTERDAY        0.66          3.05 1921   0.14   0.52      T
  MONTH TO DATE    3.39                      3.62  -0.23     9.83
  SINCE MAR 1     12.97                      8.67   4.30    11.98
  SINCE JAN 1     29.46                     18.35  11.11    19.69

SNOWFALL (IN)
  YESTERDAY        0.0           0.0    MM  MM     MM        0.0
  MONTH TO DATE    0.0                      MM     MM        0.0
  SINCE MAR 1      0.0                      MM     MM        0.0
  SINCE JUL 1      2.9                      MM     MM        0.5
  SNOW DEPTH       0

DEGREE DAYS
 HEATING
  YESTERDAY        6                         1      5        0
  MONTH TO DATE  102                        60     42       14
  SINCE MAR 1    243                       275    -32      143
  SINCE JUL 1   1865                      1940    -75     1119

 COOLING
  YESTERDAY        0                         4     -4        4
  MONTH TO DATE   37                        66    -29      116
  SINCE MAR 1    108                       102      6      221
  SINCE JAN 1    167                       119     48      303
..................................................................


WIND (MPH)
  HIGHEST WIND SPEED    23   HIGHEST WIND DIRECTION    NW (300)
  HIGHEST GUST SPEED    28   HIGHEST GUST DIRECTION    NW (300)
  AVERAGE WIND SPEED     8.7


SKY COVER
  POSSIBLE SUNSHINE  MM
  AVERAGE SKY COVER 0.7


WEATHER CONDITIONS
 THE FOLLOWING WEATHER WAS RECORDED YESTERDAY.
  HEAVY RAIN
  RAIN
  LIGHT RAIN
  FOG
  HAZE


RELATIVE HUMIDITY (PERCENT)
 HIGHEST   100           400 AM
 LOWEST     67           500 PM
 AVERAGE    84

..........................................................


THE ALEXANDRIA CLIMATE NORMALS FOR TODAY
                         NORMAL    RECORD    YEAR
 MAXIMUM TEMPERATURE (F)   80        92      1925
 MINIMUM TEMPERATURE (F)   57        42      1907
                                             1903


SUNRISE AND SUNSET
APRIL 23 2018.........SUNRISE   633 AM CDT   SUNSET   744 PM CDT
APRIL 24 2018.........SUNRISE   632 AM CDT   SUNSET   745 PM CDT


-  INDICATES NEGATIVE NUMBERS.
R  INDICATES RECORD WAS SET OR TIED.
MM INDICATES DATA IS MISSING.
T  INDICATES TRACE AMOUNT.




$$
