000
CDUS42 KCAE 252128
CLIAGS


CLIMATE REPORT
NATIONAL WEATHER SERVICE COLUMBIA SC
527 PM EDT WED APR 25 2018


...................................

...THE AUGUSTA BUSH FIELD GA CLIMATE SUMMARY FOR APRIL 25 2018...
VALID TODAY AS OF 0500 PM LOCAL TIME.

CLIMATE NORMAL PERIOD 1981 TO 2010
CLIMATE RECORD PERIOD 1873 TO 2018


WEATHER ITEM   OBSERVED TIME   RECORD YEAR NORMAL DEPARTURE LAST
                VALUE   (LST)  VALUE       VALUE  FROM      YEAR
                                                  NORMAL
..................................................................
TEMPERATURE (F)
 TODAY
  MAXIMUM         79    259 PM  93    1885  80     -1       81
  MINIMUM         53    615 AM  34    1974  50      3       59
  AVERAGE         66                        65      1       70

PRECIPITATION (IN)
  TODAY            0.00          1.58 1979   0.08  -0.08     0.00
  MONTH TO DATE    3.43                      2.43   1.00     2.58
  SINCE MAR 1      6.64                      6.61   0.03     4.35
  SINCE JAN 1     10.30                     14.44  -4.14    16.59

SNOWFALL (IN)
  TODAY            0.0          MM      MM   0.0             0.0
  MONTH TO DATE    0.0                       0.0             0.0
  SINCE MAR 1      0.0                       0.0             0.0
  SINCE JUL 1      T                         0.9              T

DEGREE DAYS
 HEATING
  TODAY            0                         3     -3        0
  MONTH TO DATE  119                       113      6       31
  SINCE MAR 1    453                       409     44      269
  SINCE JUL 1   2140                      2441   -301     1404

 COOLING
  TODAY            1                         3     -2        5
  MONTH TO DATE   18                        39    -21      114
  SINCE MAR 1     32                        54    -22      167
  SINCE JAN 1     83                        57     26      197
..................................................................


WIND (MPH)
  HIGHEST WIND SPEED    17   HIGHEST WIND DIRECTION     W (280)
  HIGHEST GUST SPEED    22   HIGHEST GUST DIRECTION     W (280)
  AVERAGE WIND SPEED     7.7


SKY COVER
  AVERAGE SKY COVER 0.3


WEATHER CONDITIONS
 THE FOLLOWING WEATHER WAS RECORDED TODAY.
  NO SIGNIFICANT WEATHER WAS OBSERVED.


RELATIVE HUMIDITY (PERCENT)
 HIGHEST   100           600 AM
 LOWEST     42           200 PM
 AVERAGE    71

..........................................................


THE AUGUSTA BUSH FIELD GA CLIMATE NORMALS FOR TOMORROW
                         NORMAL    RECORD    YEAR
 MAXIMUM TEMPERATURE (F)   80        91      2011
                                             1986
                                             1925
 MINIMUM TEMPERATURE (F)   51        36      1910


SUNRISE AND SUNSET
APRIL 25 2018.........SUNRISE   646 AM EDT   SUNSET   806 PM EDT
APRIL 26 2018.........SUNRISE   645 AM EDT   SUNSET   807 PM EDT


-  INDICATES NEGATIVE NUMBERS.
R  INDICATES RECORD WAS SET OR TIED.
MM INDICATES DATA IS MISSING.
T  INDICATES TRACE AMOUNT.




$$
