028
CDAK48 PAFC 191257
CLIAKN


CLIMATE REPORT
NATIONAL WEATHER SERVICE ANCHORAGE, AK
457 AM AKDT THU APR 19 2018


...................................

...THE KING SALMON CLIMATE SUMMARY FOR APRIL 18 2018...

CLIMATE NORMAL PERIOD 1981 TO 2010
CLIMATE RECORD PERIOD 1917 TO 2018


WEATHER ITEM   OBSERVED TIME   RECORD YEAR NORMAL DEPARTURE LAST
                VALUE   (LST)  VALUE       VALUE  FROM      YEAR
                                                  NORMAL
..................................................................
TEMPERATURE (F)
 YESTERDAY
  MAXIMUM         49    121 PM  57    1930  43      6       50
  MINIMUM         33   1107 PM  -6    1985  26      7       25
                                      1982
  AVERAGE         41                        35      6       38

PRECIPITATION (IN)
  YESTERDAY        0.28          0.52 1995   0.03   0.25     0.00
  MONTH TO DATE    0.91                      0.55   0.36     0.49
  SINCE MAR 1      4.35                      1.25   3.10     0.54
  SINCE JAN 1      8.05                      3.03   5.02     1.74

SNOWFALL (IN)
  YESTERDAY        0.0          MM      MM   0.2   -0.2      0.0
  MONTH TO DATE   10.5                       2.9    7.6      2.9
  SINCE MAR 1     32.3                       9.3   23.0      3.3
  SINCE JUL 1     56.2                      44.8   11.4     26.0
  SNOW DEPTH       0

DEGREE DAYS
 HEATING
  YESTERDAY       24                        30     -6       27
  MONTH TO DATE  542                       606    -64      494
  SINCE MAR 1   1677                      1872   -195     2118
  SINCE JUL 1   8163                      9492  -1329     9251

 COOLING
  YESTERDAY        0                         0      0        0
  MONTH TO DATE    0                         0      0        0
  SINCE MAR 1      0                         0      0        0
  SINCE JAN 1      0                         0      0        0
..................................................................


WIND (MPH)
  RESULTANT WIND SPEED  12   RESULTANT WIND DIRECTION   E (100)
  HIGHEST WIND SPEED    21   HIGHEST WIND DIRECTION     E (100)
  HIGHEST GUST SPEED    28   HIGHEST GUST DIRECTION     E (90)
  AVERAGE WIND SPEED    11.1



WEATHER CONDITIONS
 THE FOLLOWING WEATHER WAS RECORDED YESTERDAY.
  RAIN
  LIGHT RAIN
  FOG


RELATIVE HUMIDITY (PERCENT)
 HIGHEST    93
 LOWEST     53
 AVERAGE    73

..........................................................


THE KING SALMON CLIMATE NORMALS FOR TODAY
                         NORMAL    RECORD    YEAR
 MAXIMUM TEMPERATURE (F)   44        59      1951
                                             1935
 MINIMUM TEMPERATURE (F)   26         0      1982


SUNRISE AND SUNSET
APRIL 19 2018.........SUNRISE   702 AM AKDT  SUNSET   951 PM AKDT
APRIL 20 2018.........SUNRISE   659 AM AKDT  SUNSET   953 PM AKDT


-  INDICATES NEGATIVE NUMBERS.
R  INDICATES RECORD WAS SET OR TIED.
MM INDICATES DATA IS MISSING.
T  INDICATES TRACE AMOUNT.




$$
