000
CDUS44 KAMA 270645
CLIAMA


CLIMATE REPORT
NATIONAL WEATHER SERVICE AMARILLO TX
145 AM CDT SUN MAY 27 2018


...................................

...THE AMARILLO CLIMATE SUMMARY FOR MAY 26 2018...

CLIMATE NORMAL PERIOD 1981 TO 2010
CLIMATE RECORD PERIOD 1892 TO 2018


WEATHER ITEM   OBSERVED TIME   RECORD YEAR NORMAL DEPARTURE LAST
                VALUE   (LST)  VALUE       VALUE  FROM      YEAR
                                                  NORMAL
..................................................................
TEMPERATURE (F)
 YESTERDAY
  MAXIMUM         99    152 PM 100    1953  82     17       88
  MINIMUM         58    358 AM  39    1950  55      3       53
  AVERAGE         79                        69     10       71

PRECIPITATION (IN)
  YESTERDAY        0.00          3.86 1905   0.10  -0.10     0.00
  MONTH TO DATE    0.17                      1.77  -1.60     1.14
  SINCE MAR 1      1.01                      4.56  -3.55     4.46
  SINCE JAN 1      1.02                      5.84  -4.82     8.14

SNOWFALL (IN)
  YESTERDAY        0.0           0.0    MM   0.0    0.0      0.0
  MONTH TO DATE    0.0                       0.2   -0.2      0.0
  SINCE MAR 1      0.0                       3.8   -3.8      2.0
  SINCE JUL 1      T                        17.8  -17.8     10.0
  SNOW DEPTH       0

DEGREE DAYS
 HEATING
  YESTERDAY        0                         1     -1        0
  MONTH TO DATE   10                        78    -68       93
  SINCE MAR 1    715                       889   -174      678
  SINCE JUL 1   3621                      4166   -545     3236

 COOLING
  YESTERDAY       14                         5      9        6
  MONTH TO DATE  217                        76    141       62
  SINCE MAR 1    252                        97    155      111
  SINCE JAN 1    252                        97    155      116
..................................................................


WIND (MPH)
  RESULTANT WIND SPEED  12   RESULTANT WIND DIRECTION  SE (150)
  HIGHEST WIND SPEED    25   HIGHEST WIND DIRECTION    SE (120)
  HIGHEST GUST SPEED    32   HIGHEST GUST DIRECTION    SE (140)
  AVERAGE WIND SPEED    14.3


SKY COVER
  AVERAGE SKY COVER 0.0


WEATHER CONDITIONS
 THE FOLLOWING WEATHER WAS RECORDED YESTERDAY.
  NO SIGNIFICANT WEATHER WAS OBSERVED.


RELATIVE HUMIDITY (PERCENT)
 HIGHEST    77           400 AM
 LOWEST     11           200 PM
 AVERAGE    44

..........................................................


THE AMARILLO CLIMATE NORMALS FOR TODAY
                         NORMAL    RECORD    YEAR
 MAXIMUM TEMPERATURE (F)   82        99      1945
 MINIMUM TEMPERATURE (F)   55        38      1907


SUNRISE AND SUNSET
MAY 27 2018...........SUNRISE   635 AM CDT   SUNSET   853 PM CDT
MAY 28 2018...........SUNRISE   635 AM CDT   SUNSET   854 PM CDT


-  INDICATES NEGATIVE NUMBERS.
R  INDICATES RECORD WAS SET OR TIED.
MM INDICATES DATA IS MISSING.
T  INDICATES TRACE AMOUNT.




$$
