000
CDUS44 KBMX 200742
CLIANB


CLIMATE REPORT
NATIONAL WEATHER SERVICE BIRMINGHAM, AL
241 AM CDT SUN MAY 20 2018


...................................

...THE ANNISTON CLIMATE SUMMARY FOR MAY 19 2018...

CLIMATE NORMAL PERIOD 1981 TO 2010
CLIMATE RECORD PERIOD 1903 TO 2018


WEATHER ITEM   OBSERVED TIME   RECORD YEAR NORMAL DEPARTURE LAST
                VALUE   (LST)  VALUE       VALUE  FROM      YEAR
                                                  NORMAL
..................................................................
TEMPERATURE (F)
 YESTERDAY
  MAXIMUM         88    435 PM  97    1962  82      6       90
  MINIMUM         66    429 AM  43    1976  60      6       69
  AVERAGE         77                        71      6       80

PRECIPITATION (IN)
  YESTERDAY        0.00          3.32 1983   0.14  -0.14     0.00
  MONTH TO DATE    0.17                      2.70  -2.53     1.70
  SINCE MAR 1      8.73                     11.77  -3.04    11.94
  SINCE JAN 1     18.58                     21.37  -2.79    22.46

..................................................................


WIND (MPH)
  HIGHEST WIND SPEED    12   HIGHEST WIND DIRECTION     W (280)
  HIGHEST GUST SPEED    16   HIGHEST GUST DIRECTION     W (280)
  AVERAGE WIND SPEED     3.1


SKY COVER
  AVERAGE SKY COVER 0.3


WEATHER CONDITIONS
 THE FOLLOWING WEATHER WAS RECORDED YESTERDAY.
  FOG


RELATIVE HUMIDITY (PERCENT)
 HIGHEST    93
 LOWEST     43
 AVERAGE    68

..........................................................


THE ANNISTON CLIMATE NORMALS FOR TODAY
                         NORMAL    RECORD    YEAR
 MAXIMUM TEMPERATURE (F)   82        95      2006
 MINIMUM TEMPERATURE (F)   60        41      2002


SUNRISE AND SUNSET
MAY 20 2018...........SUNRISE   540 AM CDT   SUNSET   741 PM CDT
MAY 21 2018...........SUNRISE   539 AM CDT   SUNSET   741 PM CDT


-  INDICATES NEGATIVE NUMBERS.
R  INDICATES RECORD WAS SET OR TIED.
MM INDICATES DATA IS MISSING.
T  INDICATES TRACE AMOUNT.




$$
