000
CDAK48 PAFC 240045
CLIANC

CLIMATE REPORT
NATIONAL WEATHER SERVICE ANCHORAGE, AK
445 PM AKDT WED MAY 23 2018


...................................

...THE ANCHORAGE AK CLIMATE SUMMARY FOR MAY 23 2018...
VALID TODAY AS OF 0400 PM LOCAL TIME.

CLIMATE NORMAL PERIOD 1981 TO 2010
CLIMATE RECORD PERIOD 1952 TO 2018


WEATHER ITEM   OBSERVED TIME   RECORD YEAR NORMAL DEPARTURE LAST
                VALUE   (LST)  VALUE       VALUE  FROM      YEAR
                                                  NORMAL
..................................................................
TEMPERATURE (F)
 TODAY
  MAXIMUM         57        MM  72    2006  58     -1       55
  MINIMUM         47        MM  34    1996  42      5       42
                                      1975
                                      1973
  AVERAGE         52                        50      2       49

PRECIPITATION (IN)
  TODAY            0.00          0.43 2004   0.02  -0.02     0.00
  MONTH TO DATE    0.29                      0.50  -0.21     0.60
  SINCE MAR 1      1.43                      1.57  -0.14     1.67
  SINCE JAN 1      4.57                      3.02   1.55     4.37

SNOWFALL (IN)
  TODAY            0.0           0.0    MM   0.0    0.0      0.0
  MONTH TO DATE    0.0                       0.3   -0.3      0.0
  SINCE MAR 1     10.8                      14.2   -3.4     10.3
  SINCE JUL 1     59.1                      74.5  -15.4     82.4
  SNOW DEPTH       0

DEGREE DAYS
 HEATING
  TODAY           13                        15     -2       16
  MONTH TO DATE  406                       423    -17      386
  SINCE MAR 1   2308                      2461   -153     2528
  SINCE JUL 1   9032                      9790   -758     9566

 COOLING
  TODAY            0                         0      0        0
  MONTH TO DATE    0                         0      0        0
  SINCE MAR 1      0                         0      0        0
  SINCE JAN 1      0                         0      0        0
..................................................................


WIND (MPH)
  RESULTANT WIND SPEED  12   RESULTANT WIND DIRECTION  SE (150)
  HIGHEST WIND SPEED    22   HIGHEST WIND DIRECTION     S (160)
  HIGHEST GUST SPEED    35   HIGHEST GUST DIRECTION    SE (150)
  AVERAGE WIND SPEED    12.9


SKY COVER
  POSSIBLE SUNSHINE  MM
  AVERAGE SKY COVER 0.8


WEATHER CONDITIONS
 THE FOLLOWING WEATHER WAS RECORDED TODAY.
  NO SIGNIFICANT WEATHER WAS OBSERVED.


RELATIVE HUMIDITY (PERCENT)
 HIGHEST    71           500 AM
 LOWEST     47           200 PM
 AVERAGE    59

..........................................................


THE ANCHORAGE AK CLIMATE NORMALS FOR TOMORROW
                         NORMAL    RECORD    YEAR
 MAXIMUM TEMPERATURE (F)   59        77      1969
 MINIMUM TEMPERATURE (F)   42        34      1957


SUNRISE AND SUNSET
MAY 23 2018...........SUNRISE   454 AM AKDT  SUNSET  1102 PM AKDT
MAY 24 2018...........SUNRISE   452 AM AKDT  SUNSET  1104 PM AKDT

CIVIL TWILIGHT
MAY 23 2018             START    332 AM GMT     END   1226 AM GMT
MAY 24 2018             START    328 AM GMT     END   1230 AM GMT



-  INDICATES NEGATIVE NUMBERS.
R  INDICATES RECORD WAS SET OR TIED.
MM INDICATES DATA IS MISSING.
T  INDICATES TRACE AMOUNT.




$$
&&
------------------------------------------------------
AMOUNT OF DAYLIGHT TODAY  (HOUR:MIN)........18:08
GAIN/LOSS SINCE YESTERDAY (HOUR:MIN:SEC)....+0:04:33
