000
CDUS43 KAPX 230526
CLIANJ


CLIMATE REPORT
NATIONAL WEATHER SERVICE GAYLORD MI
126 AM EDT WED MAY 23 2018


...................................

...THE SAULT STE MARIE MI CLIMATE SUMMARY FOR MAY 22 2018...

CLIMATE NORMAL PERIOD 1981 TO 2010
CLIMATE RECORD PERIOD 1888 TO 2018


WEATHER ITEM   OBSERVED TIME   RECORD YEAR NORMAL DEPARTURE LAST
                VALUE   (LST)  VALUE       VALUE  FROM      YEAR
                                                  NORMAL
..................................................................
TEMPERATURE (F)
 YESTERDAY
  MAXIMUM         75    353 PM  86    1992  65     10       54
  MINIMUM         47   1029 PM  27    1967  42      5       48
  AVERAGE         61                        54      7       51

PRECIPITATION (IN)
  YESTERDAY        0.00          1.02 1912   0.08  -0.08     0.20
  MONTH TO DATE    1.55                      1.77  -0.22     2.40
  SINCE MAR 1      5.21                      6.11  -0.90     7.02
  SINCE JAN 1      8.69                      9.64  -0.95    12.98

DEGREE DAYS
 HEATING
  YESTERDAY        4                        12     -8       14
  MONTH TO DATE  277                       320    -43      340
  SINCE MAR 1   2393                      2263    130     2190
  SINCE JUL 1   8220                      8389   -169     7064

 COOLING
  YESTERDAY        0                         0      0        0
  MONTH TO DATE    0                         0      0        1
  SINCE MAR 1      0                         0      0        1
  SINCE JAN 1      0                         0      0        1
..................................................................


WIND (MPH)
  HIGHEST WIND SPEED    15   HIGHEST WIND DIRECTION    NW (310)
  HIGHEST GUST SPEED    21   HIGHEST GUST DIRECTION    NW (310)
  AVERAGE WIND SPEED     5.7




RELATIVE HUMIDITY (PERCENT)
 HIGHEST    80
 LOWEST     38
 AVERAGE    59

..........................................................


THE SAULT STE MARIE MI CLIMATE NORMALS FOR TODAY
                         NORMAL    RECORD    YEAR
 MAXIMUM TEMPERATURE (F)   65        89      1975
 MINIMUM TEMPERATURE (F)   43        28      1963
                                             1956


SUNRISE AND SUNSET
MAY 23 2018...........SUNRISE   555 AM EDT   SUNSET   914 PM EDT
MAY 24 2018...........SUNRISE   554 AM EDT   SUNSET   915 PM EDT


-  INDICATES NEGATIVE NUMBERS.
R  INDICATES RECORD WAS SET OR TIED.
MM INDICATES DATA IS MISSING.
T  INDICATES TRACE AMOUNT.




$$
