000
CDUS41 KCTP 210621
CLIAOO


CLIMATE REPORT
NATIONAL WEATHER SERVICE STATE COLLEGE PA
221 AM EDT MON MAY 21 2018


...................................

...THE ALTOONA CLIMATE SUMMARY FOR MAY 20 2018...

CLIMATE NORMAL PERIOD 1981 TO 2010
CLIMATE RECORD PERIOD 1948 TO 2018


WEATHER ITEM   OBSERVED TIME   RECORD YEAR NORMAL DEPARTURE LAST
                VALUE   (LST)  VALUE       VALUE  FROM      YEAR
                                                  NORMAL
..................................................................
TEMPERATURE (F)
 YESTERDAY
  MAXIMUM         80    240 PM  92    1996  70     10       66
  MINIMUM         59    413 AM  31    2002  48     11       53
  AVERAGE         70                        59     11       60

PRECIPITATION (IN)
  YESTERDAY        0.02          1.30 1986   0.12  -0.10      T
  MONTH TO DATE    3.93                      2.37   1.56     3.66
  SINCE MAR 1      9.88                      8.63   1.25    10.27
  SINCE JAN 1     16.11                     12.84   3.27    14.90

DEGREE DAYS
 HEATING
  YESTERDAY        0                         7     -7        5
  MONTH TO DATE   45                       181   -136      176
  SINCE MAR 1   1622                      1529     93     1266
  SINCE JUL 1   5708                      6099   -391     4933

 COOLING
  YESTERDAY        5                         1      4        0
  MONTH TO DATE   61                        10     51       41
  SINCE MAR 1     73                        16     57       61
  SINCE JAN 1     73                        16     57       61
..................................................................


WIND (MPH)
  HIGHEST WIND SPEED    17   HIGHEST WIND DIRECTION    NW (300)
  HIGHEST GUST SPEED    22   HIGHEST GUST DIRECTION    NW (300)
  AVERAGE WIND SPEED     5.3


SKY COVER
  POSSIBLE SUNSHINE  MM
  AVERAGE SKY COVER 0.6


WEATHER CONDITIONS
 THE FOLLOWING WEATHER WAS RECORDED YESTERDAY.
  LIGHT RAIN
  FOG
  FOG W/VISIBILITY <= 1/4 MILE


RELATIVE HUMIDITY (PERCENT)
 HIGHEST    90          1200 AM
 LOWEST     54           300 PM
 AVERAGE    72

..........................................................


THE ALTOONA CLIMATE NORMALS FOR TODAY
                         NORMAL    RECORD    YEAR
 MAXIMUM TEMPERATURE (F)   70        89      1977
 MINIMUM TEMPERATURE (F)   49        31      2002


SUNRISE AND SUNSET
MAY 21 2018...........SUNRISE   552 AM EDT   SUNSET   828 PM EDT
MAY 22 2018...........SUNRISE   551 AM EDT   SUNSET   829 PM EDT


-  INDICATES NEGATIVE NUMBERS.
R  INDICATES RECORD WAS SET OR TIED.
MM INDICATES DATA IS MISSING.
T  INDICATES TRACE AMOUNT.




$$
