000
CDUS42 KMFL 232017
CLIAPF


CLIMATE REPORT
NATIONAL WEATHER SERVICE MIAMI, FL
417 PM EDT WED MAY 23 2018


...................................

...THE NAPLES CLIMATE SUMMARY FOR MAY 23 2018...
VALID TODAY AS OF 0400 PM LOCAL TIME.

CLIMATE NORMAL PERIOD 1981 TO 2010
CLIMATE RECORD PERIOD 1942 TO 2018


WEATHER ITEM   OBSERVED TIME   RECORD YEAR NORMAL DEPARTURE LAST
                VALUE   (LST)  VALUE       VALUE  FROM      YEAR
                                                  NORMAL
..................................................................
TEMPERATURE (F)
 TODAY
  MAXIMUM         89   1123 AM  92    2015  89      0       89
                                      2010
                                      1978
  MINIMUM         72    608 AM  60    1994  70      2       74
                                      1981
  AVERAGE         81                        79      2       82

PRECIPITATION (IN)
  TODAY            0.75          2.18 1946   0.12   0.63     0.00
  MONTH TO DATE    4.11                      2.02   2.09     2.04
  SINCE NOV 1      8.24                     14.20  -5.96     5.42
  SINCE JAN 1      7.09                     10.71  -3.62     5.07

SNOWFALL (IN)
  TODAY            0.0
  MONTH TO DATE    0.0
  SINCE MAR 1      0.0
  SINCE JUL 1      0.0
  SNOW DEPTH       0

DEGREE DAYS
 HEATING
  TODAY            0                         0      0        0
  MONTH TO DATE    0                         0      0        0
  SINCE MAR 1     22                        27     -5       11
  SINCE JUL 1    200                       260    -60       67

 COOLING
  TODAY           16                        14      2       17
  MONTH TO DATE  331                       289     42      333
  SINCE MAR 1    812                       718     94      884
  SINCE JAN 1   1172                       909    263     1207
..................................................................


WIND (MPH)
  HIGHEST WIND SPEED    16   HIGHEST WIND DIRECTION     W (290)
  HIGHEST GUST SPEED    18   HIGHEST GUST DIRECTION    SE (120)
  AVERAGE WIND SPEED     7.4


SKY COVER
  AVERAGE SKY COVER 0.4


WEATHER CONDITIONS
 THE FOLLOWING WEATHER WAS RECORDED TODAY.
  THUNDERSTORM
  HEAVY RAIN
  RAIN
  LIGHT RAIN
  FOG
  HAZE


RELATIVE HUMIDITY (PERCENT)
 HIGHEST   100
 LOWEST     61
 AVERAGE    81

..........................................................


THE NAPLES CLIMATE NORMALS FOR TOMORROW
                         NORMAL    RECORD    YEAR
 MAXIMUM TEMPERATURE (F)   89        93      2006
 MINIMUM TEMPERATURE (F)   70        58      1981


SUNRISE AND SUNSET
MAY 23 2018...........SUNRISE   637 AM EDT   SUNSET   811 PM EDT
MAY 24 2018...........SUNRISE   637 AM EDT   SUNSET   811 PM EDT


-  INDICATES NEGATIVE NUMBERS.
R  INDICATES RECORD WAS SET OR TIED.
MM INDICATES DATA IS MISSING.
T  INDICATES TRACE AMOUNT.




$$
