000
CDUS43 KAPX 220552
CLIAPN


CLIMATE REPORT
NATIONAL WEATHER SERVICE GAYLORD MI
152 AM EDT SUN APR 22 2018


...................................

...THE ALPENA MI CLIMATE SUMMARY FOR APRIL 21 2018...

CLIMATE NORMAL PERIOD 1981 TO 2010
CLIMATE RECORD PERIOD 1916 TO 2018


WEATHER ITEM   OBSERVED TIME   RECORD YEAR NORMAL DEPARTURE LAST
                VALUE   (LST)  VALUE       VALUE  FROM      YEAR
                                                  NORMAL
..................................................................
TEMPERATURE (F)
 YESTERDAY
  MAXIMUM         57   1147 AM  89    1985  55      2       48
  MINIMUM         24    532 AM  17    2013  33     -9       39
  AVERAGE         41                        44     -3       44

PRECIPITATION (IN)
  YESTERDAY        0.00          0.88 1995   0.08  -0.08      T
  MONTH TO DATE    4.62                      1.70   2.92     4.00
  SINCE MAR 1      6.13                      3.56   2.57     6.83
  SINCE JAN 1     10.02                      6.54   3.48    12.32

SNOWFALL (IN)
  YESTERDAY        0.0           2.0  1986   0.1   -0.1      0.0
  MONTH TO DATE   30.7                       5.1   25.6       T
  SINCE OCT 1     82.5                      83.4   -0.9     66.4
  SINCE JUL 1     82.5                      83.4   -0.9     66.4
  SNOW DEPTH      10

DEGREE DAYS
 HEATING
  YESTERDAY       24                        21      3       21
  MONTH TO DATE  734                       529    205      434
  SINCE MAR 1   1882                      1653    229     1565
  SINCE JUL 1   7331                      7385    -54     6196

 COOLING
  YESTERDAY        0                         0      0        0
  MONTH TO DATE    0                         0      0        0
  SINCE MAR 1      0                         0      0        0
  SINCE JAN 1      0                         0      0        0
..................................................................


WIND (MPH)
  HIGHEST WIND SPEED    13   HIGHEST WIND DIRECTION     E (100)
  HIGHEST GUST SPEED    14   HIGHEST GUST DIRECTION     E (100)
  AVERAGE WIND SPEED     2.5




RELATIVE HUMIDITY (PERCENT)
 HIGHEST    88
 LOWEST     18
 AVERAGE    53

..........................................................


THE ALPENA MI CLIMATE NORMALS FOR TODAY
                         NORMAL    RECORD    YEAR
 MAXIMUM TEMPERATURE (F)   56        88      1985
 MINIMUM TEMPERATURE (F)   33        17      1950


SUNRISE AND SUNSET
APRIL 22 2018.........SUNRISE   638 AM EDT   SUNSET   829 PM EDT
APRIL 23 2018.........SUNRISE   636 AM EDT   SUNSET   830 PM EDT


-  INDICATES NEGATIVE NUMBERS.
R  INDICATES RECORD WAS SET OR TIED.
MM INDICATES DATA IS MISSING.
T  INDICATES TRACE AMOUNT.




$$
