000
CDUS46 KPQR 251646
CLIAST

CLIMATE REPORT
NATIONAL WEATHER SERVICE PORTLAND OREGON
743 AM PDT WED APR 25 2018


...................................

...THE ASTORIA OR CLIMATE SUMMARY FOR APRIL 24 2018...

CLIMATE NORMAL PERIOD 1981 TO 2010
CLIMATE RECORD PERIOD 1892 TO 2018


WEATHER ITEM   OBSERVED TIME   RECORD YEAR NORMAL DEPARTURE LAST
                VALUE   (LST)  VALUE       VALUE  FROM      YEAR
                                                  NORMAL
..................................................................
TEMPERATURE (F)
 YESTERDAY
  MAXIMUM         82R   321 PM  79    1926  57     25       54
  MINIMUM         50   1159 PM  31    1986  42      8       44
  AVERAGE         66                        50     16       49

PRECIPITATION (IN)
  YESTERDAY        0.00          1.30 1949   0.15  -0.15     0.78
  MONTH TO DATE    8.91                      4.35   4.56     7.65
  SINCE OCT 1     62.95                     56.21   6.74    83.85
  SINCE JAN 1     32.16                     29.19   2.97    39.98

DEGREE DAYS
 HEATING
  YESTERDAY        0                        15    -15       16
  MONTH TO DATE  372                       399    -27      374
  SINCE MAR 1    992                       977     15      938
  SINCE JUL 1   4150                      4319   -169     3921

 COOLING
  YESTERDAY        1                         0      1        0
  MONTH TO DATE    1                         0      1        0
  SINCE MAR 1      1                         0      1        0
  SINCE JAN 1      1                         0      1        0
..................................................................


WIND (MPH)
  HIGHEST WIND SPEED    23   HIGHEST WIND DIRECTION     E (110)
  HIGHEST GUST SPEED    32   HIGHEST GUST DIRECTION    SE (120)
  AVERAGE WIND SPEED     8.9


SKY COVER
  POSSIBLE SUNSHINE  MM
  AVERAGE SKY COVER 0.0


WEATHER CONDITIONS
 THE FOLLOWING WEATHER WAS RECORDED YESTERDAY.
  NO SIGNIFICANT WEATHER WAS OBSERVED.


RELATIVE HUMIDITY (PERCENT)
 HIGHEST    77          1000 PM
 LOWEST     18           200 PM
 AVERAGE    48

..........................................................


THE ASTORIA OR CLIMATE NORMALS FOR TODAY
                         NORMAL    RECORD    YEAR
 MAXIMUM TEMPERATURE (F)   58        83      1941
 MINIMUM TEMPERATURE (F)   42        29      1955


SUNRISE AND SUNSET
APRIL 25 2018.........SUNRISE   611 AM PDT   SUNSET   816 PM PDT
APRIL 26 2018.........SUNRISE   610 AM PDT   SUNSET   818 PM PDT


-  INDICATES NEGATIVE NUMBERS.
R  INDICATES RECORD WAS SET OR TIED.
MM INDICATES DATA IS MISSING.
T  INDICATES TRACE AMOUNT.




$$
