000
CDUS41 KBGM 250228
CLIAVP


CLIMATE REPORT
NATIONAL WEATHER SERVICE BINGHAMTON NY
1028 PM EDT TUE APR 24 2018


...................................

...THE AVOCA PA CLIMATE SUMMARY FOR APRIL 24 2018...
VALID AS OF 1000 PM LOCAL TIME.

CLIMATE NORMAL PERIOD 1981 TO 2010
CLIMATE RECORD PERIOD 1901 TO 2018


WEATHER ITEM   OBSERVED TIME   RECORD YEAR NORMAL DEPARTURE LAST
                VALUE   (LST)  VALUE       VALUE  FROM      YEAR
                                                  NORMAL
..................................................................
TEMPERATURE (F)
 TODAY
  MAXIMUM         67    117 PM  87    1960  63      4       71
  MINIMUM         43    324 AM  25    1930  41      2       43
  AVERAGE         55                        52      3       57

PRECIPITATION (IN)
  TODAY            T             1.50 1968   0.12  -0.12     0.01
  MONTH TO DATE    2.21                      2.66  -0.45     2.91
  SINCE MAR 1      5.03                      5.21  -0.18     8.36
  SINCE JAN 1     12.04                      9.61   2.43    14.59

SNOWFALL (IN)
  TODAY            0.0           4.2  1967   0.1   -0.1      0.0
  MONTH TO DATE    4.9                       2.8    2.1      0.1
  SINCE MAR 1     24.8                      11.8   13.0     30.7
  SINCE JUL 1     51.9                      45.7    6.2     55.5

DEGREE DAYS
 HEATING
  TODAY           10                        13     -3        8
  MONTH TO DATE  539                       423    116      270
  SINCE MAR 1   1484                      1294    190     1205
  SINCE JUL 1   5675                      5900   -225     4960

 COOLING
  TODAY            0                         0      0        0
  MONTH TO DATE    4                         0      4       10
  SINCE MAR 1      4                         0      4       10
  SINCE JAN 1      4                         0      4       10
..................................................................


WIND (MPH)
  HIGHEST WIND SPEED    15   HIGHEST WIND DIRECTION     S (180)
  HIGHEST GUST SPEED    24   HIGHEST GUST DIRECTION    SE (120)
  AVERAGE WIND SPEED     7.3


SKY COVER
  AVERAGE SKY COVER 0.1


WEATHER CONDITIONS
 THE FOLLOWING WEATHER WAS RECORDED TODAY.
  LIGHT RAIN


RELATIVE HUMIDITY (PERCENT)
 HIGHEST    57           800 PM
 LOWEST     30           800 AM
 AVERAGE    44

..........................................................


THE AVOCA PA CLIMATE NORMALS FOR TOMORROW
                         NORMAL    RECORD    YEAR
 MAXIMUM TEMPERATURE (F)   63        88      1915
 MINIMUM TEMPERATURE (F)   41        23      1919


SUNRISE AND SUNSET
APRIL 24 2018.........SUNRISE   610 AM EDT   SUNSET   753 PM EDT
APRIL 25 2018.........SUNRISE   608 AM EDT   SUNSET   754 PM EDT


-  INDICATES NEGATIVE NUMBERS.
R  INDICATES RECORD WAS SET OR TIED.
MM INDICATES DATA IS MISSING.
T  INDICATES TRACE AMOUNT.




$$
