291
CDAK48 PAFC 210101
CLIBET


CLIMATE REPORT
NATIONAL WEATHER SERVICE ANCHORAGE, AK
500 PM AKDT SUN MAY 20 2018


...................................

...THE BETHEL CLIMATE SUMMARY FOR MAY 20 2018...
VALID TODAY AS OF 0500 PM LOCAL TIME.

CLIMATE NORMAL PERIOD 1981 TO 2010
CLIMATE RECORD PERIOD 1948 TO 2018


WEATHER ITEM   OBSERVED TIME   RECORD YEAR NORMAL DEPARTURE LAST
                VALUE   (LST)  VALUE       VALUE  FROM      YEAR
                                                  NORMAL
..................................................................
TEMPERATURE (F)
 TODAY
  MAXIMUM         52    143 PM  73    2002  52      0       59
  MINIMUM         41    358 AM  22    1926  35      6       35
  AVERAGE         47                        44      3       47

PRECIPITATION (IN)
  TODAY            0.22          0.72 2006   0.04   0.18     0.41
  MONTH TO DATE    1.16                      0.71   0.45     0.92
  SINCE MAR 1      3.10                      2.16   0.94     1.69
  SINCE JAN 1      4.87                      3.66   1.21     3.58

SNOWFALL (IN)
  TODAY            0.0           2.8  2006   0.1   -0.1      0.0
  MONTH TO DATE    1.8                       1.8    0.0       T
  SINCE MAR 1     10.8                      15.7   -4.9      3.8
  SINCE JUL 1     40.4                      61.5  -21.1     31.2
  SNOW DEPTH       0

DEGREE DAYS
 HEATING
  TODAY           18                        21     -3       18
  MONTH TO DATE  488                       504    -16      395
  SINCE MAR 1   2754                      3191   -437     3086
  SINCE JUL 1  10007                     11929  -1922    11346

 COOLING
  TODAY            0                         0      0        0
  MONTH TO DATE    0                         0      0        0
  SINCE MAR 1      0                         0      0        0
  SINCE JAN 1      0                         0      0        0
..................................................................


WIND (MPH)
  RESULTANT WIND SPEED   1   RESULTANT WIND DIRECTION   W (270)
  HIGHEST WIND SPEED    16   HIGHEST WIND DIRECTION    SW (210)
  HIGHEST GUST SPEED    19   HIGHEST GUST DIRECTION    SW (210)
  AVERAGE WIND SPEED     3.9



WEATHER CONDITIONS
 THE FOLLOWING WEATHER WAS RECORDED TODAY.
  RAIN
  LIGHT RAIN
  FOG
  FOG W/VISIBILITY <= 1/4 MILE
  HAZE


RELATIVE HUMIDITY (PERCENT)
 HIGHEST   100
 LOWEST     80
 AVERAGE    90

..........................................................


THE BETHEL CLIMATE NORMALS FOR TOMORROW
                         NORMAL    RECORD    YEAR
 MAXIMUM TEMPERATURE (F)   53        70      2002
 MINIMUM TEMPERATURE (F)   35        21      1933


SUNRISE AND SUNSET
MAY 20 2018...........SUNRISE   551 AM AKDT  SUNSET  1138 PM AKDT
MAY 21 2018...........SUNRISE   549 AM AKDT  SUNSET  1140 PM AKDT


-  INDICATES NEGATIVE NUMBERS.
R  INDICATES RECORD WAS SET OR TIED.
MM INDICATES DATA IS MISSING.
T  INDICATES TRACE AMOUNT.




$$
