104
CDUS41 KCAR 190546
CLIBGR


CLIMATE REPORT
NATIONAL WEATHER SERVICE CARIBOU, ME
146 AM EDT THU APR 19 2018


...................................

...THE BANGOR ME CLIMATE SUMMARY FOR APRIL 18 2018...

CLIMATE NORMAL PERIOD 1981 TO 2010
CLIMATE RECORD PERIOD 1925 TO 2018


WEATHER ITEM   OBSERVED TIME   RECORD YEAR NORMAL DEPARTURE LAST
                VALUE   (LST)  VALUE       VALUE  FROM      YEAR
                                                  NORMAL
..................................................................
TEMPERATURE (F)
 YESTERDAY
  MAXIMUM         47    314 PM  86    1976  54     -7       46
  MINIMUM         33    510 AM  17    2003  33      0       35
  AVERAGE         40                        44     -4       41

PRECIPITATION (IN)
  YESTERDAY        T             1.32 1967   0.12  -0.12     0.00
  MONTH TO DATE    2.41                      2.21   0.20     2.11
  SINCE MAR 1      4.59                      5.59  -1.00     4.18
  SINCE JAN 1     13.11                     11.00   2.11    10.07

SNOWFALL (IN)
  YESTERDAY        0.0           2.5  1967   0.1             0.0
  MONTH TO DATE    2.3                       3.2             1.9
  SINCE MAR 1     35.3                      14.9            18.9
  SINCE JUL 1    111.3                      65.6            82.2
  SNOW DEPTH       0

DEGREE DAYS
 HEATING
  YESTERDAY       25                        21      4       24
  MONTH TO DATE  526                       449     77      364
  SINCE MAR 1   1564                      1526     38     1578
  SINCE JUL 1   6782                      7172   -390     6706

 COOLING
  YESTERDAY        0                         0      0        0
  MONTH TO DATE    0                         0      0        0
  SINCE MAR 1      0                         0      0        0
  SINCE JAN 1      0                         0      0        0
..................................................................


WIND (MPH)
  RESULTANT WIND SPEED   5   RESULTANT WIND DIRECTION  SW (240)
  HIGHEST WIND SPEED    17   HIGHEST WIND DIRECTION     W (270)
  HIGHEST GUST SPEED    22   HIGHEST GUST DIRECTION     W (280)


SKY COVER
  POSSIBLE SUNSHINE  MM
  AVERAGE SKY COVER 0.8


WEATHER CONDITIONS
 THE FOLLOWING WEATHER WAS RECORDED YESTERDAY.
  LIGHT RAIN


RELATIVE HUMIDITY (PERCENT)
 HIGHEST    85
 LOWEST     58
 AVERAGE    72

..........................................................


THE BANGOR ME CLIMATE NORMALS FOR TODAY
                         NORMAL    RECORD    YEAR
 MAXIMUM TEMPERATURE (F)   55        85      1927
 MINIMUM TEMPERATURE (F)   34        18      1926


SUNRISE AND SUNSET
APRIL 19 2018.........SUNRISE   544 AM EDT   SUNSET   725 PM EDT
APRIL 20 2018.........SUNRISE   542 AM EDT   SUNSET   727 PM EDT


-  INDICATES NEGATIVE NUMBERS.
R  INDICATES RECORD WAS SET OR TIED.
MM INDICATES DATA IS MISSING.
T  INDICATES TRACE AMOUNT.




$$
