000
CDUS45 KBYZ 231720
CLIBIL


CLIMATE REPORT
NATIONAL WEATHER SERVICE BILLINGS MT
1120 AM MDT WED MAY 23 2018


...................................

...THE BILLINGS MT CLIMATE SUMMARY FOR MAY 23 2018...
VALID AS OF 1100 AM LOCAL TIME.

CLIMATE NORMAL PERIOD 1981 TO 2010
CLIMATE RECORD PERIOD 1934 TO 2018


WEATHER ITEM   OBSERVED RECORD YEAR NORMAL DEPARTURE LAST
                VALUE   VALUE       VALUE  FROM      YEAR
                                           NORMAL
...........................................................
TEMPERATURE (F)
 TODAY
  MAXIMUM         58     88    1985  70    -12
  MINIMUM         55     29    2002  46      9
  AVERAGE         57

PRECIPITATION (IN)
  TODAY            0.95   1.33 2008   0.07   0.88     0.00
  MONTH TO DATE    3.06               1.58   1.48     1.58
  SINCE OCT 1     11.83               7.57   4.26    14.16
  SINCE JAN 1      8.18               5.26   2.92     8.60

...........................................................










-  INDICATES NEGATIVE NUMBERS.
R  INDICATES RECORD WAS SET OR TIED.
MM INDICATES DATA IS MISSING.
T  INDICATES TRACE AMOUNT.




$$
