000
CDUS43 KBIS 200723
CLIBIS


CLIMATE REPORT
NATIONAL WEATHER SERVICE BISMARCK ND
223 AM CDT FRI APR 20 2018


...................................

...THE BISMARCK ND CLIMATE SUMMARY FOR APRIL 19 2018...

CLIMATE NORMAL PERIOD 1981 TO 2010
CLIMATE RECORD PERIOD 1875 TO 2018


WEATHER ITEM   OBSERVED TIME   RECORD YEAR NORMAL DEPARTURE LAST
                VALUE   (LST)  VALUE       VALUE  FROM      YEAR
                                                  NORMAL
..................................................................
TEMPERATURE (F)
 YESTERDAY
  MAXIMUM         58    325 PM  86    1961  59     -1       51
  MINIMUM         22    539 AM   4    1928  32    -10       33
  AVERAGE         40                        46     -6       42

PRECIPITATION (IN)
  YESTERDAY        0.00          0.67 1891   0.04  -0.04     0.16
  MONTH TO DATE    0.27                      0.71  -0.44     0.81
  SINCE MAR 1      1.84                      1.58   0.26     1.33
  SINCE JAN 1      2.59                      2.52   0.07     2.73

SNOWFALL (IN)
  YESTERDAY        0.0           3.8  1899   0.1   -0.1      0.0
  MONTH TO DATE    5.3                       3.3    2.0      0.0
  SINCE MAR 1     26.3                      12.4   13.9      8.7
  SINCE JUL 1     44.1                      49.9   -5.8     71.6
  SNOW DEPTH       0

DEGREE DAYS
 HEATING
  YESTERDAY       25                        20      5       23
  MONTH TO DATE  707                       448    259      339
  SINCE MAR 1   1894                      1536    358     1382
  SINCE JUL 1   8210                      7967    243     7384

 COOLING
  YESTERDAY        0                         0      0        0
  MONTH TO DATE    0                         0      0        0
  SINCE MAR 1      0                         0      0        0
  SINCE JAN 1      0                         0      0        0
..................................................................


WIND (MPH)
  HIGHEST WIND SPEED    18   HIGHEST WIND DIRECTION     E (100)
  HIGHEST GUST SPEED    24   HIGHEST GUST DIRECTION     E (80)
  AVERAGE WIND SPEED     4.4


SKY COVER
  POSSIBLE SUNSHINE  MM
  AVERAGE SKY COVER 0.1


WEATHER CONDITIONS
 THE FOLLOWING WEATHER WAS RECORDED YESTERDAY.
  FOG
  FOG W/VISIBILITY <= 1/4 MILE
  HAZE


RELATIVE HUMIDITY (PERCENT)
 HIGHEST   100           100 AM
 LOWEST     35          1200 PM
 AVERAGE    68

..........................................................


THE BISMARCK ND CLIMATE NORMALS FOR TODAY
                         NORMAL    RECORD    YEAR
 MAXIMUM TEMPERATURE (F)   60        90      1900
 MINIMUM TEMPERATURE (F)   32        15      2013


SUNRISE AND SUNSET
APRIL 20 2018.........SUNRISE   646 AM CDT   SUNSET   838 PM CDT
APRIL 21 2018.........SUNRISE   645 AM CDT   SUNSET   840 PM CDT


-  INDICATES NEGATIVE NUMBERS.
R  INDICATES RECORD WAS SET OR TIED.
MM INDICATES DATA IS MISSING.
T  INDICATES TRACE AMOUNT.




$$
