000
CDUS46 KSEW 220832
CLIBLI


CLIMATE REPORT
NATIONAL WEATHER SERVICE SEATTLE WA
132 AM PDT SUN APR 22 2018


...................................

...THE BELLINGHAM WA AIRPORT CLIMATE SUMMARY FOR APRIL 21 2018...

CLIMATE NORMAL PERIOD 1981 TO 2010
CLIMATE RECORD PERIOD 1949 TO 2018


WEATHER ITEM   OBSERVED TIME   RECORD YEAR NORMAL DEPARTURE LAST
                VALUE   (LST)  VALUE       VALUE  FROM      YEAR
                                                  NORMAL
..................................................................
TEMPERATURE (F)
 YESTERDAY
  MAXIMUM         56    252 PM  70    1959  58     -2       67
  MINIMUM         40   1122 PM  28    1951  41     -1       46
  AVERAGE         48                        49     -1       57

PRECIPITATION (IN)
  YESTERDAY        0.01          0.81 1964   0.08  -0.07     0.00
  MONTH TO DATE    3.05                      1.98   1.07     2.69
  SINCE OCT 1     33.14                     26.59   6.55    33.67
  SINCE JAN 1     15.52                     12.89   2.63    14.55

DEGREE DAYS
 HEATING
  YESTERDAY       17                        16      1        8
  MONTH TO DATE  352                       361     -9      306
  SINCE MAR 1   1015                      1004     11      912

 COOLING
  YESTERDAY        0                         0      0        0
  MONTH TO DATE    0                         0      0        0
  SINCE MAR 1      0                         0      0        0
  SINCE JAN 1      0                         0      0        0
..................................................................


WIND (MPH)
  RESULTANT WIND SPEED   8   RESULTANT WIND DIRECTION   S (160)
  HIGHEST WIND SPEED    22   HIGHEST WIND DIRECTION    SE (150)
  HIGHEST GUST SPEED    36   HIGHEST GUST DIRECTION    SE (140)
  AVERAGE WIND SPEED     8.3


SKY COVER
  AVERAGE SKY COVER 0.6


WEATHER CONDITIONS
 THE FOLLOWING WEATHER WAS RECORDED YESTERDAY.
  LIGHT RAIN


RELATIVE HUMIDITY (PERCENT)
 HIGHEST    82          1100 PM
 LOWEST     51           200 PM
 AVERAGE    67

..........................................................


THE BELLINGHAM WA AIRPORT CLIMATE NORMALS FOR TODAY
                         NORMAL    RECORD    YEAR
 MAXIMUM TEMPERATURE (F)   58        71      2012
                                             1982
                                             1977
 MINIMUM TEMPERATURE (F)   41        29      2008


SUNRISE AND SUNSET
APRIL 22 2018.........SUNRISE   606 AM PDT   SUNSET   812 PM PDT
APRIL 23 2018.........SUNRISE   604 AM PDT   SUNSET   814 PM PDT


-  INDICATES NEGATIVE NUMBERS.
R  INDICATES RECORD WAS SET OR TIED.
MM INDICATES DATA IS MISSING.
T  INDICATES TRACE AMOUNT.




$$
