000
CDUS45 KBOI 280121
CLIBNO


CLIMATE REPORT
NATIONAL WEATHER SERVICE BOISE ID
721 PM MDT SUN MAY 27 2018


...................................

...THE BURNS OR CLIMATE SUMMARY FOR MAY 27 2018...
VALID TODAY AS OF 0600 PM LOCAL TIME.

CLIMATE NORMAL PERIOD 1981 TO 2010
CLIMATE RECORD PERIOD 1938 TO 2018


WEATHER ITEM   OBSERVED TIME   RECORD YEAR NORMAL DEPARTURE LAST
                VALUE   (LST)  VALUE       VALUE  FROM      YEAR
                                                  NORMAL
..................................................................
TEMPERATURE (F)
 TODAY
  MAXIMUM         76    301 PM  86    2003  69      7       75
                                      1983
  MINIMUM         44    432 AM  27    1954  39      5       34
                                      1953
  AVERAGE         60                        54      6       55

PRECIPITATION (IN)
  TODAY            0.00          0.60 2013   0.05  -0.05     0.00
  MONTH TO DATE    0.62                      1.06  -0.44     0.36
  SINCE OCT 1      6.61                      8.79  -2.18    11.75
  SINCE JAN 1      3.95                      5.29  -1.34     8.24

DEGREE DAYS
 HEATING
  TODAY            5                        11     -6       10
  MONTH TO DATE  259                       386   -127      405
  SINCE MAR 1   1773                      1898   -125     1895
  SINCE JUL 1   7046                      7426   -380     7769

 COOLING
  TODAY            0                         0      0        0
  MONTH TO DATE    0                         0      0        0
  SINCE MAR 1      0                         0      0        0
  SINCE JAN 1      0                         0      0        0
..................................................................


WIND (MPH)
  HIGHEST WIND SPEED    20   HIGHEST WIND DIRECTION    NW (310)
  HIGHEST GUST SPEED    28   HIGHEST GUST DIRECTION    NW (300)
  AVERAGE WIND SPEED    10.1



WEATHER CONDITIONS
 THE FOLLOWING WEATHER WAS RECORDED TODAY.
  NO SIGNIFICANT WEATHER WAS OBSERVED.


RELATIVE HUMIDITY (PERCENT)
 HIGHEST    76           300 AM
 LOWEST     27           300 PM
 AVERAGE    52

..........................................................


THE BURNS OR CLIMATE NORMALS FOR TOMORROW
                         NORMAL    RECORD    YEAR
 MAXIMUM TEMPERATURE (F)   69        92      2003
 MINIMUM TEMPERATURE (F)   39        26      2007


SUNRISE AND SUNSET
MAY 27 2018...........SUNRISE   520 AM PDT   SUNSET   826 PM PDT
MAY 28 2018...........SUNRISE   520 AM PDT   SUNSET   827 PM PDT


-  INDICATES NEGATIVE NUMBERS.
R  INDICATES RECORD WAS SET OR TIED.
MM INDICATES DATA IS MISSING.
T  INDICATES TRACE AMOUNT.




$$
