000
CDUS44 KLCH 200912
CLIBPT


CLIMATE REPORT
NATIONAL WEATHER SERVICE LAKE CHARLES, LA
411 AM CDT SUN MAY 20 2018


...................................

...THE BEAUMONT PORT ARTHUR CLIMATE SUMMARY FOR MAY 19 2018...

CLIMATE NORMAL PERIOD 1981 TO 2010
CLIMATE RECORD PERIOD 1901 TO 2018


WEATHER ITEM   OBSERVED TIME   RECORD YEAR NORMAL DEPARTURE LAST
                VALUE   (LST)  VALUE       VALUE  FROM      YEAR
                                                  NORMAL
..................................................................
TEMPERATURE (F)
 YESTERDAY
  MAXIMUM         91    204 PM  95    1905  86      5       87
  MINIMUM         73    316 AM  51    2002  68      5       77
  AVERAGE         82                        77      5       82

PRECIPITATION (IN)
  YESTERDAY        0.00         12.76 1923   0.16  -0.16     0.00
  MONTH TO DATE    0.10                      3.20  -3.10     1.63
  SINCE MAR 1      4.91                      9.94  -5.03    12.19
  SINCE JAN 1     18.84                     18.78   0.06    14.24

SNOWFALL (IN)
  YESTERDAY        0.0           0.0    MM   0.0    0.0      0.0
  MONTH TO DATE    0.0                       0.0    0.0      0.0
  SINCE MAR 1      0.0                       0.0    0.0      0.0
  SINCE JUL 1      3.1                       T      3.1      0.0
  SNOW DEPTH       0

DEGREE DAYS
 HEATING
  YESTERDAY        0                         0      0        0
  MONTH TO DATE    0                         0      0        0
  SINCE MAR 1    138                       187    -49       59
  SINCE JUL 1   1253                      1400   -147      614

 COOLING
  YESTERDAY       17                        12      5       17
  MONTH TO DATE  259                       183     76      163
  SINCE MAR 1    450                       384     66      545
  SINCE JAN 1    555                       410    145      739
..................................................................


WIND (MPH)
  HIGHEST WIND SPEED    20   HIGHEST WIND DIRECTION     S (160)
  HIGHEST GUST SPEED    27   HIGHEST GUST DIRECTION    SE (150)
  AVERAGE WIND SPEED    10.5


SKY COVER
  POSSIBLE SUNSHINE  MM
  AVERAGE SKY COVER 0.2


WEATHER CONDITIONS
 THE FOLLOWING WEATHER WAS RECORDED YESTERDAY.
  NO SIGNIFICANT WEATHER WAS OBSERVED.


RELATIVE HUMIDITY (PERCENT)
 HIGHEST    93          1200 AM
 LOWEST     41           200 PM
 AVERAGE    67

..........................................................


THE BEAUMONT PORT ARTHUR CLIMATE NORMALS FOR TODAY
                         NORMAL    RECORD    YEAR
 MAXIMUM TEMPERATURE (F)   86        95      1905
 MINIMUM TEMPERATURE (F)   68        54      1981


SUNRISE AND SUNSET
MAY 20 2018...........SUNRISE   620 AM CDT   SUNSET   806 PM CDT
MAY 21 2018...........SUNRISE   619 AM CDT   SUNSET   806 PM CDT


-  INDICATES NEGATIVE NUMBERS.
R  INDICATES RECORD WAS SET OR TIED.
MM INDICATES DATA IS MISSING.
T  INDICATES TRACE AMOUNT.




$$
