000
CDUS43 KDVN 270916
CLIBRL


CLIMATE REPORT
NATIONAL WEATHER SERVICE QUAD CITIES IA IL
414 AM CDT SUN MAY 27 2018


...................................

...THE BURLINGTON IA CLIMATE SUMMARY FOR MAY 26 2018...

CLIMATE NORMAL PERIOD 1981 TO 2010
CLIMATE RECORD PERIOD 1897 TO 2018


WEATHER ITEM   OBSERVED TIME   RECORD YEAR NORMAL DEPARTURE LAST
                VALUE   (LST)  VALUE       VALUE  FROM      YEAR
                                                  NORMAL
..................................................................
TEMPERATURE (F)
 YESTERDAY
  MAXIMUM         93    338 PM  96    1926  78     15       76
  MINIMUM         65    527 AM  37    1901  56      9       58
  AVERAGE         79                        67     12       67

PRECIPITATION (IN)
  YESTERDAY        0.92         MM      MM   0.15   0.77     0.30
  MONTH TO DATE    3.06                      4.11  -1.05     3.32
  SINCE MAR 1      6.55                     10.66  -4.11    12.29
  SINCE JAN 1     10.64                     13.52  -2.88    14.15

DEGREE DAYS
 HEATING
  YESTERDAY        0                         2     -2        0
  MONTH TO DATE   10                       116   -106      134
  SINCE MAR 1   1444                      1200    244     1112
  SINCE JUL 1   5937                      5578    359     4806

 COOLING
  YESTERDAY       14                         4     10        2
  MONTH TO DATE  134                        60     74       50
  SINCE MAR 1    136                        80     56       70
  SINCE JAN 1    136                        80     56       70
..................................................................


WIND (MPH)
  HIGHEST WIND SPEED    25   HIGHEST WIND DIRECTION     N (360)
  HIGHEST GUST SPEED    36   HIGHEST GUST DIRECTION     N (10)
  AVERAGE WIND SPEED     5.5


SKY COVER
  POSSIBLE SUNSHINE  MM
  AVERAGE SKY COVER 0.0


WEATHER CONDITIONS
 THE FOLLOWING WEATHER WAS RECORDED YESTERDAY.
  THUNDERSTORM
  HEAVY RAIN
  RAIN
  LIGHT RAIN
  FOG


RELATIVE HUMIDITY (PERCENT)
 HIGHEST    93          1200 AM
 LOWEST     44           400 PM
 AVERAGE    69

..........................................................


THE BURLINGTON IA CLIMATE NORMALS FOR TODAY
                         NORMAL    RECORD    YEAR
 MAXIMUM TEMPERATURE (F)   78        93      2012
                                             2006
                                             1914
 MINIMUM TEMPERATURE (F)   57        36      1907


SUNRISE AND SUNSET
MAY 27 2018...........SUNRISE   538 AM CDT   SUNSET   826 PM CDT
MAY 28 2018...........SUNRISE   537 AM CDT   SUNSET   827 PM CDT


-  INDICATES NEGATIVE NUMBERS.
R  INDICATES RECORD WAS SET OR TIED.
MM INDICATES DATA IS MISSING.
T  INDICATES TRACE AMOUNT.




$$
