000
CDUS44 KBRO 260626
CLIBRO


CLIMATE REPORT
NATIONAL WEATHER SERVICE BROWNSVILLE TX
125 AM CDT THU APR 26 2018


...................................

...THE BROWNSVILLE CLIMATE SUMMARY FOR APRIL 25 2018...

CLIMATE NORMAL PERIOD 1981 TO 2010
CLIMATE RECORD PERIOD 1878 TO 2018


WEATHER ITEM   OBSERVED TIME   RECORD YEAR NORMAL DEPARTURE LAST
                VALUE   (LST)  VALUE       VALUE  FROM      YEAR
                                                  NORMAL
..................................................................
TEMPERATURE (F)
 YESTERDAY
  MAXIMUM         88    150 PM  98    2003  85      3       91
                                      1945
  MINIMUM         66   1036 PM  53    1983  68     -2       74
                                      1913
  AVERAGE         77                        76      1       83

PRECIPITATION (IN)
  YESTERDAY        0.81          1.57 1879   0.05   0.76     0.00
  MONTH TO DATE    1.75                      1.29   0.46     0.63
  SINCE MAR 1      2.24                      2.52  -0.28     2.47
  SINCE JAN 1      4.47                      4.87  -0.40     4.01

SNOWFALL (IN)
  YESTERDAY        0.0
  MONTH TO DATE    0.0
  SINCE MAR 1      0.0
  SINCE JUL 1      0.3
  SNOW DEPTH       0

DEGREE DAYS
 HEATING
  YESTERDAY        0                         0      0        0
  MONTH TO DATE    3                         6     -3        0
  SINCE MAR 1      3                        49    -46        2
  SINCE JUL 1    485                       552    -67      201

 COOLING
  YESTERDAY       12                        12      0       18
  MONTH TO DATE  260                       241     19      322
  SINCE MAR 1    567                       415    152      616
  SINCE JAN 1    832                       556    276     1003
..................................................................


WIND (MPH)
  HIGHEST WIND SPEED    28   HIGHEST WIND DIRECTION    SE (140)
  HIGHEST GUST SPEED    34   HIGHEST GUST DIRECTION    SE (140)
  AVERAGE WIND SPEED    11.5


SKY COVER
  POSSIBLE SUNSHINE  MM
  AVERAGE SKY COVER 0.4


WEATHER CONDITIONS
 THE FOLLOWING WEATHER WAS RECORDED YESTERDAY.
  THUNDERSTORM
  HEAVY RAIN
  LIGHT RAIN
  FOG


RELATIVE HUMIDITY (PERCENT)
 HIGHEST    93          1100 PM
 LOWEST     43          1200 PM
 AVERAGE    68

..........................................................


THE BROWNSVILLE CLIMATE NORMALS FOR TODAY
                         NORMAL    RECORD    YEAR
 MAXIMUM TEMPERATURE (F)   85       104      2017
 MINIMUM TEMPERATURE (F)   68        43      1881


SUNRISE AND SUNSET
APRIL 26 2018.........SUNRISE   657 AM CDT   SUNSET   759 PM CDT
APRIL 27 2018.........SUNRISE   656 AM CDT   SUNSET   759 PM CDT


-  INDICATES NEGATIVE NUMBERS.
R  INDICATES RECORD WAS SET OR TIED.
MM INDICATES DATA IS MISSING.
T  INDICATES TRACE AMOUNT.




$$
