000
CDAK49 PAFG 260944
CLIBRW

CLIMATE REPORT
NATIONAL WEATHER SERVICE FAIRBANKS AK
144 AM AKDT THU APR 26 2018


...................................

...THE BARROW AK CLIMATE SUMMARY FOR APRIL 25 2018...

CLIMATE NORMAL PERIOD 1981 TO 2010
CLIMATE RECORD PERIOD 1920 TO 2018


WEATHER ITEM   OBSERVED TIME   RECORD YEAR NORMAL DEPARTURE LAST
                VALUE   (LST)  VALUE       VALUE  FROM      YEAR
                                                  NORMAL
..................................................................
TEMPERATURE (F)
 YESTERDAY
  MAXIMUM         MM        MM  36    1931  15     MM       12
  MINIMUM         MM        MM -29    1924   2     MM        7
  AVERAGE         MM                         8     MM       10

PRECIPITATION (IN)
  YESTERDAY        T             0.36 1960   0.00   0.00      T
  MONTH TO DATE    0.02                      0.13  -0.11      T
  SINCE MAR 1      0.60                      0.22   0.38     0.30
  SINCE JAN 1      1.00                      0.49   0.51     1.17

SNOWFALL (IN)
  YESTERDAY        T             3.6  1960   0.1   -0.1      0.4
  MONTH TO DATE    0.3                       2.7   -2.4      0.6
  SINCE MAR 1      6.2                       4.8    1.4      3.0
  SINCE JUL 1     33.4                      33.8   -0.4     29.9
  SNOW DEPTH      11

DEGREE DAYS
 HEATING
  YESTERDAY       MM                        57     MM       55
  MONTH TO DATE 1286                      1622   -336     1443
  SINCE MAR 1   3313                      4029   -716     3680
  SINCE JUL 1  13916                     16886  -2970    14642

 COOLING
  YESTERDAY       MM                         0     MM        0
  MONTH TO DATE    0                         0      0        0
  SINCE MAR 1      0                         0      0        0
  SINCE JAN 1      0                         0      0        0
..................................................................


WIND (MPH)
  HIGHEST GUST SPEED    MM   HIGHEST GUST DIRECTION    MM


SKY COVER
  AVERAGE SKY COVER 0.7


WEATHER CONDITIONS
 THE FOLLOWING WEATHER WAS RECORDED YESTERDAY.
  LIGHT SNOW
  FOG
  HAZE


RELATIVE HUMIDITY (PERCENT)
 HIGHEST   100
 LOWEST     84
 AVERAGE    92

..........................................................


THE BARROW AK CLIMATE NORMALS FOR TODAY
                         NORMAL    RECORD    YEAR
 MAXIMUM TEMPERATURE (F)   15        39      2009
 MINIMUM TEMPERATURE (F)    3       -27      1924


SUNRISE AND SUNSET
APRIL 26 2018.........SUNRISE   507 AM AKDT  SUNSET  1148 PM AKDT
APRIL 27 2018.........SUNRISE   501 AM AKDT  SUNSET  1155 PM AKDT

-  INDICATES NEGATIVE NUMBERS.
R  INDICATES RECORD WAS SET OR TIED.
MM INDICATES DATA IS MISSING.
T  INDICATES TRACE AMOUNT.

&&

SNOW DEPTH IS MEASURED AT 3AM AKST/4AM AKDT.

----------------------------
AVAILABLE DAYLIGHT

AMOUNT OF DAYLIGHT TODAY  (HOUR:MIN)........18:41
GAIN/LOSS SINCE YESTERDAY (HOUR:MIN:SEC)....+0:12:23

$$
APR 18
