558
CDUS41 KLWX 240526
CLIBWI


CLIMATE REPORT
NATIONAL WEATHER SERVICE BALTIMORE MD/WASHINGTON DC
126 AM EDT TUE APR 24 2018


...................................

...THE BALTIMORE MD CLIMATE SUMMARY FOR APRIL 23 2018...

CLIMATE NORMAL PERIOD 1981 TO 2010
CLIMATE RECORD PERIOD 1871 TO 2018


WEATHER ITEM   OBSERVED TIME   RECORD YEAR NORMAL DEPARTURE LAST
                VALUE   (LST)  VALUE       VALUE  FROM      YEAR
                                                  NORMAL
..................................................................
TEMPERATURE (F)
 YESTERDAY
  MAXIMUM         68    358 PM  94    1960  67      1       60
  MINIMUM         46    543 AM  31    1982  45      1       46
  AVERAGE         57                        56      1       53

PRECIPITATION (IN)
  YESTERDAY        0.00          1.11 1907   0.11  -0.11     0.00
  MONTH TO DATE    1.65                      2.46  -0.81     2.85
  SINCE MAR 1      3.90                      6.36  -2.46     6.67
  SINCE JAN 1     10.20                     12.31  -2.11    10.82

SNOWFALL (IN)
  YESTERDAY        0.0           T    1986   0.0    0.0
  MONTH TO DATE    0.0                       0.0    0.0
  SINCE JUL 1     15.4                      20.1   -4.7
  SNOW DEPTH       0

DEGREE DAYS
 HEATING
  YESTERDAY        8                        10     -2       12
  MONTH TO DATE  340                       295     45      158
  SINCE MAR 1   1100                       961    139      805
  SINCE JUL 1   4412                      4556   -144     3696

 COOLING
  YESTERDAY        0                         1     -1        0
  MONTH TO DATE   21                         5     16       23
  SINCE MAR 1     21                         6     15       23
  SINCE JAN 1     22                         6     16       23
..................................................................


WIND (MPH)
  HIGHEST WIND SPEED    18   HIGHEST WIND DIRECTION     E (110)
  HIGHEST GUST SPEED    27   HIGHEST GUST DIRECTION     E (90)
  AVERAGE WIND SPEED     5.7


SKY COVER
  POSSIBLE SUNSHINE  MM
  AVERAGE SKY COVER 0.8


WEATHER CONDITIONS
 THE FOLLOWING WEATHER WAS RECORDED YESTERDAY.
  NO SIGNIFICANT WEATHER WAS OBSERVED.


RELATIVE HUMIDITY (PERCENT)
 HIGHEST    77           600 AM
 LOWEST     28           800 PM
 AVERAGE    53

..........................................................


THE BALTIMORE MD CLIMATE NORMALS FOR TODAY
                         NORMAL    RECORD    YEAR
 MAXIMUM TEMPERATURE (F)   68        93      1960
 MINIMUM TEMPERATURE (F)   45        32      2003


SUNRISE AND SUNSET
APRIL 24 2018.........SUNRISE   617 AM EDT   SUNSET   753 PM EDT
APRIL 25 2018.........SUNRISE   616 AM EDT   SUNSET   754 PM EDT


-  INDICATES NEGATIVE NUMBERS.
R  INDICATES RECORD WAS SET OR TIED.
MM INDICATES DATA IS MISSING.
T  INDICATES TRACE AMOUNT.




$$
