422
CDUS45 KTFX 210740
CLIBZN


CLIMATE REPORT
NATIONAL WEATHER SERVICE GREAT FALLS MT
140 AM MDT SAT APR 21 2018


...................................

...THE BOZEMAN/GALLATIN FIELD MT CLIMATE SUMMARY FOR APRIL 20 2018...

CLIMATE NORMAL PERIOD 1981 TO 2010
CLIMATE RECORD PERIOD 1935 TO 2018


WEATHER ITEM   OBSERVED TIME   RECORD YEAR NORMAL DEPARTURE LAST
                VALUE   (LST)  VALUE       VALUE  FROM      YEAR
                                                  NORMAL
..................................................................
TEMPERATURE (F)
 YESTERDAY
  MAXIMUM         64    432 PM  85    1980  61      3       61
  MINIMUM         28    546 AM  14    1966  32     -4       27
  AVERAGE         46                        46      0       44

PRECIPITATION (IN)
  YESTERDAY        0.00          0.58 1973   0.05  -0.05     0.10
  MONTH TO DATE    1.85                      1.01   0.84     1.29
  SINCE OCT 1      7.54                      5.24   2.30     6.47
  SINCE JAN 1      4.56                      2.86   1.70     3.14

SNOWFALL (IN)
  YESTERDAY        0.0           7.2  1973   0.2   -0.2      0.0
  MONTH TO DATE    8.7                       5.6    3.1      2.5
  SINCE MAR 1     15.3                      13.3    2.0      4.3
  SINCE JUL 1     67.6                      35.6   32.0     43.5
  SNOW DEPTH       0

DEGREE DAYS
 HEATING
  YESTERDAY       19                        19      0       21
  MONTH TO DATE  557                       425    132      445
  SINCE MAR 1   1601                      1309    292     1159
  SINCE JUL 1   7921                      6889   1032     7352

 COOLING
  YESTERDAY        0                         0      0        0
  MONTH TO DATE    0                         0      0        0
  SINCE MAR 1      0                         0      0        0
  SINCE JAN 1      0                         0      0        0
..................................................................


WIND (MPH)
  HIGHEST WIND SPEED    14   HIGHEST WIND DIRECTION     S (170)
  HIGHEST GUST SPEED    16   HIGHEST GUST DIRECTION    NW (300)
  AVERAGE WIND SPEED     6.2


SKY COVER
  AVERAGE SKY COVER 0.0


WEATHER CONDITIONS
 THE FOLLOWING WEATHER WAS RECORDED YESTERDAY.
  NO SIGNIFICANT WEATHER WAS OBSERVED.


RELATIVE HUMIDITY (PERCENT)
 HIGHEST    78
 LOWEST     23
 AVERAGE    51

..........................................................


THE BOZEMAN/GALLATIN FIELD MT CLIMATE NORMALS FOR TODAY
                         NORMAL    RECORD    YEAR
 MAXIMUM TEMPERATURE (F)   61        82      1994
 MINIMUM TEMPERATURE (F)   32        15      2008
                                             1951


SUNRISE AND SUNSET
APRIL 21 2018.........SUNRISE   628 AM MDT   SUNSET   819 PM MDT
APRIL 22 2018.........SUNRISE   626 AM MDT   SUNSET   821 PM MDT


-  INDICATES NEGATIVE NUMBERS.
R  INDICATES RECORD WAS SET OR TIED.
MM INDICATES DATA IS MISSING.
T  INDICATES TRACE AMOUNT.




$$
