407
CDAK48 PAFC 270106
CLICDB


CLIMATE REPORT
NATIONAL WEATHER SERVICE ANCHORAGE, AK
458 PM AKDT SAT MAY 26 2018


...................................

...THE COLD BAY CLIMATE SUMMARY FOR MAY 26 2018...
VALID TODAY AS OF 0400 PM LOCAL TIME.

CLIMATE NORMAL PERIOD 1981 TO 2010
CLIMATE RECORD PERIOD 1942 TO 2018


WEATHER ITEM   OBSERVED TIME   RECORD YEAR NORMAL DEPARTURE LAST
                VALUE   (LST)  VALUE       VALUE  FROM      YEAR
                                                  NORMAL
..................................................................
TEMPERATURE (F)
 TODAY
  MAXIMUM         41   1243 PM  65    1997  48     -7       48
  MINIMUM         39    246 PM  30    2000  37      2       36
  AVERAGE         40                        42     -2       42

PRECIPITATION (IN)
  TODAY            0.06          0.80 2013   0.09  -0.03     0.03
  MONTH TO DATE    2.82                      2.13   0.69     1.87
  SINCE MAR 1      9.15                      7.25   1.90     2.92
  SINCE JAN 1     15.00                     13.39   1.61     9.90

SNOWFALL (IN)
  TODAY            0.0           T    2001   0.1   -0.1      0.0
  MONTH TO DATE    T                         1.3   -1.3      0.0
  SINCE MAR 1      6.2                      20.9  -14.7      2.9
  SINCE JUL 1     41.4                      73.1  -31.7     39.5
  SNOW DEPTH       0

DEGREE DAYS
 HEATING
  TODAY           25                        23      2       23
  MONTH TO DATE  628                       654    -26      602
  SINCE MAR 1   2346                      2666   -320     2657
  SINCE JUL 1   7889                      8884   -995     8217

 COOLING
  TODAY            0                         0      0        0
  MONTH TO DATE    0                         0      0        0
  SINCE MAR 1      0                         0      0        0
  SINCE JAN 1      0                         0      0        0
..................................................................


WIND (MPH)
  RESULTANT WIND SPEED  19   RESULTANT WIND DIRECTION  NW (320)
  HIGHEST WIND SPEED    28   HIGHEST WIND DIRECTION    NW (310)
  HIGHEST GUST SPEED    32   HIGHEST GUST DIRECTION    NW (320)
  AVERAGE WIND SPEED    19.2



WEATHER CONDITIONS
 THE FOLLOWING WEATHER WAS RECORDED TODAY.
  LIGHT RAIN
  FOG


RELATIVE HUMIDITY (PERCENT)
 HIGHEST   100
 LOWEST     92
 AVERAGE    96

..........................................................


THE COLD BAY CLIMATE NORMALS FOR TOMORROW
                         NORMAL    RECORD    YEAR
 MAXIMUM TEMPERATURE (F)   48        67      1979
 MINIMUM TEMPERATURE (F)   37        32      2001
                                             1987
                                             1971


SUNRISE AND SUNSET
MAY 26 2018...........SUNRISE   625 AM AKDT  SUNSET  1112 PM AKDT
MAY 27 2018...........SUNRISE   623 AM AKDT  SUNSET  1114 PM AKDT


-  INDICATES NEGATIVE NUMBERS.
R  INDICATES RECORD WAS SET OR TIED.
MM INDICATES DATA IS MISSING.
T  INDICATES TRACE AMOUNT.




$$
