000
CDUS45 KSLC 251231
CLICDC


CLIMATE REPORT
NATIONAL WEATHER SERVICE SALT LAKE CITY UT
630 AM MDT FRI MAY 25 2018


...................................

...THE CEDAR CITY UT CLIMATE SUMMARY FOR MAY 24 2018...

CLIMATE NORMAL PERIOD 1981 TO 2010
CLIMATE RECORD PERIOD 1928 TO 2018


WEATHER ITEM   OBSERVED TIME   RECORD YEAR NORMAL DEPARTURE LAST
                VALUE   (LST)  VALUE       VALUE  FROM      YEAR
                                                  NORMAL
..................................................................
TEMPERATURE (F)
 YESTERDAY
  MAXIMUM         84    349 PM  90    2001  75      9       86
  MINIMUM         43    257 AM  32    2010  41      2       45
                                      1980
  AVERAGE         64                        58      6       66

PRECIPITATION (IN)
  YESTERDAY        0.00          0.50 1997   0.03  -0.03     0.00
  MONTH TO DATE    0.41                      0.59  -0.18     0.82
  SINCE OCT 1      4.76                      7.97  -3.21     8.25
  SINCE JAN 1      4.21                      4.86  -0.65     5.42

DEGREE DAYS
 HEATING
  YESTERDAY        1                         7     -6        0
  MONTH TO DATE  173                       248    -75      248
  SINCE MAR 1   1294                      1572   -278     1382
  SINCE JUL 1   5277                      6134   -857     5403

 COOLING
  YESTERDAY        0                         0      0        1
  MONTH TO DATE    9                         0      9        1
  SINCE MAR 1      9                         0      9        1
  SINCE JAN 1      9                         0      9        1
..................................................................


WIND (MPH)
  RESULTANT WIND SPEED   5   RESULTANT WIND DIRECTION   S (200)
  HIGHEST WIND SPEED    22   HIGHEST WIND DIRECTION    SW (230)
  HIGHEST GUST SPEED    37   HIGHEST GUST DIRECTION     S (190)
  AVERAGE WIND SPEED     7.0



WEATHER CONDITIONS
 THE FOLLOWING WEATHER WAS RECORDED YESTERDAY.
  NO SIGNIFICANT WEATHER WAS OBSERVED.


RELATIVE HUMIDITY (PERCENT)
 HIGHEST    58           500 AM
 LOWEST      7           400 PM
 AVERAGE    33

..........................................................


THE CEDAR CITY UT CLIMATE NORMALS FOR TODAY
                         NORMAL    RECORD    YEAR
 MAXIMUM TEMPERATURE (F)   76        90      2001
 MINIMUM TEMPERATURE (F)   41        27      2010


SUNRISE AND SUNSET
MAY 25 2018...........SUNRISE   616 AM MDT   SUNSET   843 PM MDT
MAY 26 2018...........SUNRISE   615 AM MDT   SUNSET   844 PM MDT


-  INDICATES NEGATIVE NUMBERS.
R  INDICATES RECORD WAS SET OR TIED.
MM INDICATES DATA IS MISSING.
T  INDICATES TRACE AMOUNT.




$$
