000
CDUS44 KLUB 220627
CLICDS


CLIMATE REPORT
NATIONAL WEATHER SERVICE LUBBOCK, TX
126 AM CDT SUN APR 22 2018


...................................

...THE CHILDRESS CLIMATE SUMMARY FOR APRIL 21 2018...

CLIMATE NORMAL PERIOD 1981 TO 2010
CLIMATE RECORD PERIOD 1893 TO 2018


WEATHER ITEM   OBSERVED TIME   RECORD YEAR NORMAL DEPARTURE LAST
                VALUE   (LST)  VALUE       VALUE  FROM      YEAR
                                                  NORMAL
..................................................................
TEMPERATURE (F)
 YESTERDAY
  MAXIMUM         61    516 PM  97    1965  78    -17       69
  MINIMUM         50   1159 PM  36    1966  50      0       52
  AVERAGE         56                        64     -8       61

PRECIPITATION (IN)
  YESTERDAY        0.03          1.65 1952   0.08  -0.05     0.01
  MONTH TO DATE    0.03                      1.35  -1.32     1.86
  SINCE MAR 1      0.60                      2.88  -2.28     3.35
  SINCE JAN 1      0.85                      4.66  -3.81     7.57

SNOWFALL (IN)
  YESTERDAY        0.0                       0.0    0.0      0.0
  MONTH TO DATE    T                         0.2   -0.2      0.0
  SINCE MAR 1      T                         0.6   -0.6      0.0
  SINCE JUL 1      1.0                       7.0   -6.0      1.5
  SNOW DEPTH       0

DEGREE DAYS
 HEATING
  YESTERDAY        9                         4      5        4
  MONTH TO DATE  197                       126     71       80
  SINCE MAR 1    459                       501    -42      303
  SINCE JUL 1   2900                      3061   -161     2251

 COOLING
  YESTERDAY        0                         3     -3        0
  MONTH TO DATE   46                        41      5       66
  SINCE MAR 1     75                        59     16      124
  SINCE JAN 1     86                        60     26      139
..................................................................


WIND (MPH)
  RESULTANT WIND SPEED   9   RESULTANT WIND DIRECTION  NE (30)
  HIGHEST WIND SPEED    22   HIGHEST WIND DIRECTION     N (360)
  HIGHEST GUST SPEED    27   HIGHEST GUST DIRECTION     N (360)
  AVERAGE WIND SPEED    12.2


SKY COVER
  AVERAGE SKY COVER 0.9


WEATHER CONDITIONS
 THE FOLLOWING WEATHER WAS RECORDED YESTERDAY.
  THUNDERSTORM
  LIGHT RAIN
  FOG


RELATIVE HUMIDITY (PERCENT)
 HIGHEST   100           800 AM
 LOWEST     57           500 PM
 AVERAGE    79

..........................................................


THE CHILDRESS CLIMATE NORMALS FOR TODAY
                         NORMAL    RECORD    YEAR
 MAXIMUM TEMPERATURE (F)   78        99      2009
 MINIMUM TEMPERATURE (F)   50        33      1931


SUNRISE AND SUNSET
APRIL 22 2018.........SUNRISE   701 AM CDT   SUNSET   819 PM CDT
APRIL 23 2018.........SUNRISE   700 AM CDT   SUNSET   819 PM CDT


-  INDICATES NEGATIVE NUMBERS.
R  INDICATES RECORD WAS SET OR TIED.
MM INDICATES DATA IS MISSING.
T  INDICATES TRACE AMOUNT.




$$
