000
CDUS41 KCLE 262118
CLICLE


CLIMATE REPORT
NATIONAL WEATHER SERVICE CLEVELAND OH
518 PM EDT THU APR 26 2018


...................................

...THE CLEVELAND OH CLIMATE SUMMARY FOR APRIL 26 2018...
VALID TODAY AS OF 0500 PM LOCAL TIME.

CLIMATE NORMAL PERIOD 1981 TO 2010
CLIMATE RECORD PERIOD 1871 TO 2018


WEATHER ITEM   OBSERVED TIME   RECORD YEAR NORMAL DEPARTURE LAST
                VALUE   (LST)  VALUE       VALUE  FROM      YEAR
                                                  NORMAL
..................................................................
TEMPERATURE (F)
 TODAY
  MAXIMUM         57   1248 PM  87    1948  63     -6       82
  MINIMUM         34    600 AM  26    1972  44    -10       56
  AVERAGE         46                        54     -8       69

PRECIPITATION (IN)
  TODAY            0.00                      0.11  -0.11     0.00
  MONTH TO DATE    4.17                      3.07   1.10     4.03
  SINCE MAR 1      8.18                      6.00   2.18     8.05
  SINCE JAN 1     13.70                     11.06   2.64    15.51

SNOWFALL (IN)
  TODAY            0.0                       0.0    0.0      0.0
  MONTH TO DATE    3.3                       3.2    0.1      2.8
  SINCE MAR 1     16.0                      15.8    0.2     12.1
  SINCE JUL 1     53.1                      68.0  -14.9     37.3
  SNOW DEPTH       0

DEGREE DAYS
 HEATING
  TODAY           19                        12      7        0
  MONTH TO DATE  559                       424    135      232
  SINCE MAR 1   1503                      1250    253     1023
  SINCE JUL 1   5490                      5467     23     4334

 COOLING
  TODAY            0                         1     -1        4
  MONTH TO DATE    0                         6     -6       27
  SINCE MAR 1      0                         7     -7       27
  SINCE JAN 1      3                         7     -4       27
..................................................................


WIND (MPH)
  HIGHEST WIND SPEED    13   HIGHEST WIND DIRECTION     N (360)
  HIGHEST GUST SPEED    16   HIGHEST GUST DIRECTION     N (360)


SKY COVER
  POSSIBLE SUNSHINE  MM
  AVERAGE SKY COVER 0.2


WEATHER CONDITIONS
 THE FOLLOWING WEATHER WAS RECORDED TODAY.
  NO SIGNIFICANT WEATHER WAS OBSERVED.


RELATIVE HUMIDITY (PERCENT)
 HIGHEST   100           600 AM
 LOWEST     50          1200 PM
 AVERAGE    75

..........................................................


THE CLEVELAND OH CLIMATE NORMALS FOR TOMORROW
                         NORMAL    RECORD    YEAR
 MAXIMUM TEMPERATURE (F)   64        86      1990
                                             1957
 MINIMUM TEMPERATURE (F)   44        27      1971


SUNRISE AND SUNSET
APRIL 26 2018.........SUNRISE   631 AM EDT   SUNSET   820 PM EDT
APRIL 27 2018.........SUNRISE   630 AM EDT   SUNSET   821 PM EDT


-  INDICATES NEGATIVE NUMBERS.
R  INDICATES RECORD WAS SET OR TIED.
MM INDICATES DATA IS MISSING.
T  INDICATES TRACE AMOUNT.




$$
