675
CDUS46 KLOX 200905
CLICMA


CLIMATE REPORT
NATIONAL WEATHER SERVICE LOS ANGELES/OXNARD CA
205 AM PDT FRI APR 20 2018


...................................

...THE CAMARILLO AIRPORT CA CLIMATE SUMMARY FOR APRIL 19 2018...

CLIMATE NORMAL PERIOD 1981 TO 2010
CLIMATE RECORD PERIOD 1923 TO 2018


WEATHER ITEM   OBSERVED TIME   RECORD YEAR NORMAL DEPARTURE LAST
                VALUE   (LST)  VALUE       VALUE  FROM      YEAR
                                                  NORMAL
..................................................................
TEMPERATURE (F)
 YESTERDAY
  MAXIMUM         66    201 PM  96    2009  69     -3       75
  MINIMUM         47    250 AM  34    1933  48     -1       55
  AVERAGE         57                        58     -1       65

PRECIPITATION (IN)
  YESTERDAY        0.03          1.11 1988   0.04  -0.01     0.00
  MONTH TO DATE    0.03                      0.43  -0.40     0.13
  SINCE OCT 1      5.94                     14.26  -8.32    19.36
  SINCE JAN 1      5.87                     10.26  -4.39    14.70

SNOWFALL (IN)
  YESTERDAY       MM
  MONTH TO DATE    0.0
  SINCE MAR 1      0.0
  SINCE JUL 1      0.0

DEGREE DAYS
 HEATING
  YESTERDAY        8                         7      1        0
  MONTH TO DATE   80                       138    -58       88
  SINCE MAR 1    314                       415   -101      250
  SINCE JUL 1    989                      1751   -762     1238

 COOLING
  YESTERDAY        0                         0      0        0
  MONTH TO DATE   10                         0     10        1
  SINCE MAR 1     10                         4      6        5
  SINCE JAN 1     52                        13     39        6
..................................................................


WIND (MPH)
  HIGHEST WIND SPEED    23   HIGHEST WIND DIRECTION     W (270)
  HIGHEST GUST SPEED    30   HIGHEST GUST DIRECTION     W (260)
  AVERAGE WIND SPEED     7.4


SKY COVER
  POSSIBLE SUNSHINE  MM
  AVERAGE SKY COVER 0.2


WEATHER CONDITIONS
 THE FOLLOWING WEATHER WAS RECORDED YESTERDAY.
  LIGHT RAIN


RELATIVE HUMIDITY (PERCENT)
 HIGHEST    77           200 AM
 LOWEST     40           100 PM
 AVERAGE    59

..........................................................


THE CAMARILLO AIRPORT CA CLIMATE NORMALS FOR TODAY
                         NORMAL    RECORD    YEAR
 MAXIMUM TEMPERATURE (F)   69        96      2009
 MINIMUM TEMPERATURE (F)   48        37      1928


SUNRISE AND SUNSET
APRIL 20 2018.........SUNRISE   619 AM PDT   SUNSET   732 PM PDT
APRIL 21 2018.........SUNRISE   618 AM PDT   SUNSET   733 PM PDT


-  INDICATES NEGATIVE NUMBERS.
R  INDICATES RECORD WAS SET OR TIED.
MM INDICATES DATA IS MISSING.
T  INDICATES TRACE AMOUNT.




$$
